{"id":83,"date":"2019-12-05T23:29:03","date_gmt":"2019-12-05T22:29:03","guid":{"rendered":"http:\/\/parafia-chlewo.pl\/?page_id=83"},"modified":"2019-12-05T23:29:49","modified_gmt":"2019-12-05T22:29:49","slug":"linki","status":"publish","type":"page","link":"https:\/\/parafia-chlewo.pl\/?page_id=83","title":{"rendered":"Linki"},"content":{"rendered":"<h5><a href=\"https:\/\/www.paulus.org.pl\/czytania\" target=\"_blank\" rel=\"noopener noreferrer\">CZYTANIA MSZALNE NA KA\u017bDY DZIE\u0143<\/a><\/h5>\n<h5><a href=\"https:\/\/niezbednik.niedziela.pl\/\" target=\"_blank\" rel=\"noopener noreferrer\">NIEZB\u0118DNIK KATOLIKA<\/a><\/h5>\n<h5><a href=\"http:\/\/www.diecezja.kalisz.pl\/\" target=\"_blank\" rel=\"noopener noreferrer\">DIECEZJA KALISKA<\/a><\/h5>\n<h5><a href=\"http:\/\/www.radiorodzina.kalisz.pl\/\" target=\"_blank\" rel=\"noopener noreferrer\">RADIO RODZINA<\/a><\/h5>\n<h5><a href=\"https:\/\/www.opiekun.kalisz.pl\/\" target=\"_blank\" rel=\"noopener noreferrer\">OPIEKUN<\/a><\/h5>\n<h5><a href=\"https:\/\/domjozefa.tv\/\" target=\"_blank\" rel=\"noopener noreferrer\">TELEWIZJA INTERNETOWA DOM J\u00d3ZEFA<\/a><\/h5>\n","protected":false},"excerpt":{"rendered":"<p>CZYTANIA MSZALNE NA KA\u017bDY DZIE\u0143 NIEZB\u0118DNIK KATOLIKA DIECEZJA KALISKA RADIO RODZINA OPIEKUN TELEWIZJA INTERNETOWA DOM J\u00d3ZEFA<\/p>\n","protected":false},"author":1,"featured_media":0,"parent":0,"menu_order":0,"comment_status":"closed","ping_status":"closed","template":"","meta":{"footnotes":""},"class_list":["post-83","page","type-page","status-publish","hentry"],"_links":{"self":[{"href":"https:\/\/parafia-chlewo.pl\/index.php?rest_route=\/wp\/v2\/pages\/83","targetHints":{"allow":["GET"]}}],"collection":[{"href":"https:\/\/parafia-chlewo.pl\/index.php?rest_route=\/wp\/v2\/pages"}],"about":[{"href":"https:\/\/parafia-chlewo.pl\/index.php?rest_route=\/wp\/v2\/types\/page"}],"author":[{"embeddable":true,"href":"https:\/\/parafia-chlewo.pl\/index.php?rest_route=\/wp\/v2\/users\/1"}],"replies":[{"embeddable":true,"href":"https:\/\/parafia-chlewo.pl\/index.php?rest_route=%2Fwp%2Fv2%2Fcomments&post=83"}],"version-history":[{"count":2,"href":"https:\/\/parafia-chlewo.pl\/index.php?rest_route=\/wp\/v2\/pages\/83\/revisions"}],"predecessor-version":[{"id":85,"href":"https:\/\/parafia-chlewo.pl\/index.php?rest_route=\/wp\/v2\/pages\/83\/revisions\/85"}],"wp:attachment":[{"href":"https:\/\/parafia-chlewo.pl\/index.php?rest_route=%2Fwp%2Fv2%2Fmedia&parent=83"}],"curies":[{"name":"wp","href":"https:\/\/api.w.org\/{rel}","templated":true}]}}

<h5><a href="https://www.paulus.org.pl/czytania" target="_blank" rel="noopener noreferrer">CZYTANIA MSZALNE NA KAŻDY DZIEŃ</a></h5>
<h5><a href="https://niezbednik.niedziela.pl/" target="_blank" rel="noopener noreferrer">NIEZBĘDNIK KATOLIKA</a></h5>
<h5><a href="http://www.diecezja.kalisz.pl/" target="_blank" rel="noopener noreferrer">DIECEZJA KALISKA</a></h5>
<h5><a href="http://www.radiorodzina.kalisz.pl/" target="_blank" rel="noopener noreferrer">RADIO RODZINA</a></h5>
<h5><a href="https://www.opiekun.kalisz.pl/" target="_blank" rel="noopener noreferrer">OPIEKUN</a></h5>
<h5><a href="https://domjozefa.tv/" target="_blank" rel="noopener noreferrer">TELEWIZJA INTERNETOWA DOM JÓZEFA</a></h5>

<p>CZYTANIA MSZALNE NA KAŻDY DZIEŃ NIEZBĘDNIK KATOLIKA DIECEZJA KALISKA RADIO RODZINA OPIEKUN TELEWIZJA INTERNETOWA DOM JÓZEFA</p>
