{"id":61,"date":"2019-12-05T23:13:07","date_gmt":"2019-12-05T22:13:07","guid":{"rendered":"http:\/\/parafia-chlewo.pl\/?page_id=61"},"modified":"2019-12-06T00:31:26","modified_gmt":"2019-12-05T23:31:26","slug":"ministranci","status":"publish","type":"page","link":"https:\/\/parafia-chlewo.pl\/?page_id=61","title":{"rendered":"Ministranci"},"content":{"rendered":"\r\n<figure><img loading=\"lazy\" decoding=\"async\" class=\"wp-image-641 alignleft\" src=\"https:\/\/strona-parafii.local\/wp-content\/uploads\/2019\/11\/71478789_2522192524493168_4264420642482290688_n-300x300.png\" alt=\"\" width=\"160\" height=\"160\" \/><\/figure>\r\n\r\n\r\n\r\n<h4 class=\"wp-block-heading\">Zobacz tak\u017ce: <a href=\"https:\/\/www.facebook.com\/ministrancidiecezjikaliskiej\/\" target=\"_blank\" rel=\"noopener noreferrer\">MINISTRANCI<\/a>\u00a0<a href=\"https:\/\/www.facebook.com\/ministrancidiecezjikaliskiej\/\" target=\"_blank\" rel=\"noopener noreferrer\">NASZEJ DIECEZJI NA FACEBOOKU\u00a0<\/a><\/h4>\r\n\r\n\r\n\r\n<h4 class=\"wp-block-heading\">\u00a0<\/h4>\r\n\r\n\r\n\r\n<h4 class=\"wp-block-heading\"><strong>Kto to jest ministrant?<\/strong><\/h4>\r\n\r\n\r\n\r\n<h4 class=\"wp-block-heading\">1. Ministrant jest POMOCNIKIEM przy sprawowaniu Mszy \u015bwi\u0119tej i podczas innych nabo\u017ce\u0144stw liturgicznych.<\/h4>\r\n\r\n\r\n\r\n<h4 class=\"wp-block-heading\">Nazwa pochodzi od &#8222;ministrare&#8221; znaczy &#8222;s\u0142u\u017cy\u0107&#8221;. S\u0142u\u017cymy Bogu, kiedy przyczyniamy si\u0119 do tego, aby liturgia by\u0142a pi\u0119kna. Ministrant us\u0142uguje ksi\u0119dzu, gdy przygotowany jest o\u0142tarz i dary ofiarne potrzebne do ofiary Mszy \u015bwi\u0119tej. Pomaga r\u00f3wnie\u017c po zako\u0144czeniu Mszy \u015bwi\u0119tej.<\/h4>\r\n\r\n\r\n\r\n<h4 class=\"wp-block-heading\">2. Ministrant jest tym, kt\u00f3ry NIESIE ZNAKI. Ministrant niesie pewne okre\u015blone przedmioty, kt\u00f3re dla liturgii s\u0105 niezb\u0119dne i dla liturgii maj\u0105 szczeg\u00f3lnie wa\u017cne znaczenie. Te znaki maj\u0105 ludziom wierz\u0105cym co\u015b przedstawia\u0107 i wskazywa\u0107 na inn\u0105 rzeczywisto\u015b\u0107.<\/h4>\r\n\r\n\r\n\r\n<h4 class=\"wp-block-heading\">3. Ministrant powinien sam BY\u0106 ZNAKIEM Ministrant przez s\u0142u\u017cenie wskazuje, \u017ce ka\u017cde nabo\u017ce\u0144stwo liturgiczne sprawowanie w ko\u015bciele, jest nie tylko spraw\u0105 kap\u0142ana, lecz spraw\u0105 ca\u0142ej parafii i wszystkich wiernych!<\/h4>\r\n\r\n\r\n\r\n<h4 class=\"wp-block-heading\">\u00a0<\/h4>\r\n\r\n\r\n\r\n<h4 class=\"wp-block-heading\">\u00a0<\/h4>\r\n\r\n\r\n\r\n<div class=\"wp-block-columns is-layout-flex wp-container-core-columns-is-layout-9d6595d7 wp-block-columns-is-layout-flex\">\r\n<div class=\"wp-block-column is-layout-flow wp-block-column-is-layout-flow\">\r\n<h4 class=\"wp-block-heading\"><strong>X Przykaza\u0144 Ministranta<\/strong><\/h4>\r\n\r\n\r\n\r\n<h4 class=\"wp-block-heading\">Ministrant kocha Boga i dla Jego chwa\u0142y wzorowo spe\u0142nia swoje obowi\u0105zki.<\/h4>\r\n<h4>Ministrant s\u0142u\u017cy Chrystusowi w ludziach.<\/h4>\r\n<h4>Ministrant zwalcza swoje wady i pracuje nad swoim charakterem.<\/h4>\r\n<h4>Ministrant rozwija w sobie \u017cycie Bo\u017ce.<\/h4>\r\n<h4>Ministrant poznaje liturgi\u0119 i \u017cyje ni\u0105.<\/h4>\r\n<h4>Ministrant wznosi wsz\u0119dzie prawdziw\u0105 rado\u015b\u0107.<\/h4>\r\n<h4>Ministrant prze\u017cywa Boga w przyrodzie.<\/h4>\r\n<h4>Ministrant zdobywa koleg\u00f3w w pracy i zabawie dla Chrystusa.<\/h4>\r\n<h4>Ministrant jest pilny i sumienny w nauce i pracy zawodowej.<\/h4>\r\n<h4>Ministrant modli si\u0119 za Ojczyzn\u0119 i s\u0142u\u017cy jej rzeteln\u0105 prac\u0105.<\/h4>\r\n<\/div>\r\n\r\n\r\n\r\n<div class=\"wp-block-column is-layout-flow wp-block-column-is-layout-flow\">\r\n<h4 class=\"wp-block-heading\"><strong>Hymn ministrant\u00f3w<\/strong><\/h4>\r\n\r\n\r\n\r\n<h4 class=\"wp-block-heading\">Kr\u00f3luj nam Chryste,<\/h4>\r\n<h4>zawsze i wsz\u0119dzie<\/h4>\r\n<h4>to nasze rycerskie has\u0142o.<\/h4>\r\n<h4>Ono nas zawsze<\/h4>\r\n<h4>prowadzi\u0107 b\u0119dzie<\/h4>\r\n<h4>i \u015bwieci\u0107 jak s\u0142o\u0144ce jasno.<\/h4>\r\n\r\n\r\n\r\n<h4 class=\"wp-block-heading\">Naprz\u00f3d przebojem<\/h4>\r\n<h4>m\u0142odzi rycerze<\/h4>\r\n<h4>Do walki z grzechem swej duszy<\/h4>\r\n<h4>Wodzem nam Jezus<\/h4>\r\n<h4>w Hostii ukryty<\/h4>\r\n<h4>Z nim w b\u00f3j nasz zast\u0119p wyruszy.<\/h4>\r\n\r\n\r\n\r\n<h4 class=\"wp-block-heading\">P\u00f3jdziemy naprz\u00f3d,<\/h4>\r\n<h4>naprz\u00f3d rado\u015bnie<\/h4>\r\n<h4>Podnosz\u0105c w g\u00f3r\u0119 swe czo\u0142a.<\/h4>\r\n<h4>Przed nami \u017cycie<\/h4>\r\n<h4>rozkwita w wio\u015bnie<\/h4>\r\n<h4>Odwa\u017cnie, bo Jezus wo\u0142a.<\/h4>\r\n<\/div>\r\n<\/div>\r\n\r\n\r\n\r\n<div class=\"wp-block-image is-style-default\">\r\n<figure class=\"aligncenter size-large is-resized\"><img loading=\"lazy\" decoding=\"async\" class=\"wp-image-651\" src=\"https:\/\/strona-parafii.local\/wp-content\/uploads\/2019\/11\/467082_msza_oltarz_wszystko_34.jpg\" alt=\"\" width=\"753\" height=\"427\" \/><\/figure>\r\n<\/div>\r\n\r\n\r\n\r\n<div class=\"wp-block-image is-style-default\">\r\n<figure class=\"aligncenter size-large is-resized\"><img loading=\"lazy\" decoding=\"async\" class=\"wp-image-654\" src=\"https:\/\/strona-parafii.local\/wp-content\/uploads\/2019\/11\/postawy-i-gesty-liturgiczne.jpg\" alt=\"\" width=\"744\" height=\"522\" \/><\/figure>\r\n<\/div>\r\n","protected":false},"excerpt":{"rendered":"<p>Zobacz tak\u017ce: MINISTRANCI\u00a0NASZEJ DIECEZJI NA FACEBOOKU\u00a0 \u00a0 Kto to jest ministrant? 1. Ministrant jest POMOCNIKIEM przy sprawowaniu Mszy \u015bwi\u0119tej i podczas innych nabo\u017ce\u0144stw liturgicznych. Nazwa pochodzi od &#8222;ministrare&#8221; znaczy &#8222;s\u0142u\u017cy\u0107&#8221;. S\u0142u\u017cymy Bogu, kiedy przyczyniamy si\u0119 do tego, aby liturgia by\u0142a pi\u0119kna. Ministrant us\u0142uguje ksi\u0119dzu, gdy przygotowany jest o\u0142tarz i dary ofiarne potrzebne do ofiary Mszy \u015bwi\u0119tej. Pomaga r\u00f3wnie\u017c po zako\u0144czeniu Mszy \u015bwi\u0119tej. 2. Ministrant &hellip;<\/p>\n","protected":false},"author":1,"featured_media":0,"parent":0,"menu_order":0,"comment_status":"closed","ping_status":"closed","template":"","meta":{"footnotes":""},"class_list":["post-61","page","type-page","status-publish","hentry"],"_links":{"self":[{"href":"https:\/\/parafia-chlewo.pl\/index.php?rest_route=\/wp\/v2\/pages\/61","targetHints":{"allow":["GET"]}}],"collection":[{"href":"https:\/\/parafia-chlewo.pl\/index.php?rest_route=\/wp\/v2\/pages"}],"about":[{"href":"https:\/\/parafia-chlewo.pl\/index.php?rest_route=\/wp\/v2\/types\/page"}],"author":[{"embeddable":true,"href":"https:\/\/parafia-chlewo.pl\/index.php?rest_route=\/wp\/v2\/users\/1"}],"replies":[{"embeddable":true,"href":"https:\/\/parafia-chlewo.pl\/index.php?rest_route=%2Fwp%2Fv2%2Fcomments&post=61"}],"version-history":[{"count":5,"href":"https:\/\/parafia-chlewo.pl\/index.php?rest_route=\/wp\/v2\/pages\/61\/revisions"}],"predecessor-version":[{"id":101,"href":"https:\/\/parafia-chlewo.pl\/index.php?rest_route=\/wp\/v2\/pages\/61\/revisions\/101"}],"wp:attachment":[{"href":"https:\/\/parafia-chlewo.pl\/index.php?rest_route=%2Fwp%2Fv2%2Fmedia&parent=61"}],"curies":[{"name":"wp","href":"https:\/\/api.w.org\/{rel}","templated":true}]}}