{"id":57,"date":"2019-12-05T23:11:24","date_gmt":"2019-12-05T22:11:24","guid":{"rendered":"http:\/\/parafia-chlewo.pl\/?page_id=57"},"modified":"2019-12-05T23:14:02","modified_gmt":"2019-12-05T22:14:02","slug":"akcja-katolicka","status":"publish","type":"page","link":"https:\/\/parafia-chlewo.pl\/?page_id=57","title":{"rendered":"Akcja Katolicka"},"content":{"rendered":"<h4><span style=\"color: #000080;\"><img loading=\"lazy\" decoding=\"async\" class=\" wp-image-663 alignleft\" src=\"https:\/\/strona-parafii.local\/wp-content\/uploads\/2019\/11\/AkcjaKatolicka_02.png\" alt=\"\" width=\"190\" height=\"190\" \/>Akcja Katolicka w\u00a0Polsce zosta\u0142a powo\u0142ana w\u00a0roku 1994 na wezwanie Papie\u017ca \u015aw. Jana Paw\u0142a II do reaktywowania Akcji Katolickiej O\u00a0woli jej reaktywowania m\u00f3wi\u0142 <a style=\"color: #000080;\" href=\"https:\/\/pl.wikipedia.org\/wiki\/Jan_Pawe%C5%82_II\">Jan Pawe\u0142 II<\/a>\u00a0do biskup\u00f3w polskich podczas ich wizyty w\u00a0Rzymie 12 stycznia 1993 roku. Wypowiedzia\u0142 w\u00f3wczas znamienne s\u0142owa: <em><i>Niezast\u0105pionym \u015brodkiem formacji apostolskiej \u015bwieckich s\u0105 organizacje, stowarzyszenia i\u00a0ruchy katolickie. W\u015br\u00f3d nich szczeg\u00f3lne miejsce zajmuje Akcja Katolicka, kt\u00f3ra kiedy\u015b w\u00a0Polsce \u017cy\u0142a i\u00a0przynios\u0142a tyle wspania\u0142ych owoc\u00f3w. Trzeba, wi\u0119c, aby na nowo od\u017cy\u0142a. Bez niej, bowiem infrastruktura zrzesze\u0144 katolickich w Polsce by\u0142aby niepe\u0142na<\/i><\/em>.<\/span><\/h4>\n<h4><span style=\"color: #000080;\">W\u00a0Diecezji Kaliskiej Akcj\u0119 Katolick\u0105 do \u017cycia powo\u0142a\u0142 Biskup Stanis\u0142aw Napiera\u0142a Dekretem z\u00a0dnia 31 grudnia 1997 roku.<\/span><\/h4>\n<h4><span style=\"color: #000080;\">Oddzia\u0142 Akcji Katolickiej przy naszej parafii powo\u0142any do \u017cycia zosta\u0142 Dekretem Biskupa Kaliskiego Stanis\u0142awa Napiera\u0142y z\u00a0dnia 10 pa\u017adziernika 1998 roku, po ponad p\u00f3\u0142rocznych staraniach Ksi\u0119dza Jana Dominiaka i\u00a0zespo\u0142u inicjatywnego.<\/span><\/h4>\n<h4><span style=\"color: #000080;\">O celu i\u00a0zadaniach Akcji Katolickiej m\u00f3wi <a style=\"color: #000080;\" href=\"http:\/\/ak.org.pl\/statut-2\">Statut Akcji Katolickiej<\/a>.<\/span><\/h4>\n<h4><span style=\"color: #000080;\">W\u00a0swych strukturach nasz Parafialny Oddzia\u0142 Akcji Katolickiej wchodzi w\u00a0sk\u0142ad <a style=\"color: #000080;\" href=\"http:\/\/www.akcjakatolicka.kalisz.pl\/\">Akcji Katolickiej Diecezji Kaliskiej<\/a>, a\u00a0ta z kolei w\u00a0sk\u0142ad <a style=\"color: #000080;\" href=\"http:\/\/ak.org.pl\/\">Akcji Katolickiej w\u00a0Polsce<\/a>.<\/span><\/h4>\n<h4><span style=\"color: #000080;\">Obecnie nasz POAK liczy 12 os\u00f3b. Cz\u0142onkowie grupy bior\u0105 czynny udzia\u0142 w\u00a0\u017cyciu parafii, s\u0105 lektorami, uczestnicz\u0105 w\u00a0adoracji Naj\u015bwi\u0119tszego Sakramentu, czynnie uczestnicz\u0105 w\u00a0Drodze Krzy\u017cowej, R\u00f3\u017ca\u0144cu, R\u00f3\u017ca\u0144cu Fatimskim, procesjach eucharystycznych. Bior\u0105 udzia\u0142 w\u00a0spotkaniach modlitewnych i\u00a0uroczysto\u015bciach organizowanych przez Diecezjalny Instytut Akcji Katolickiej.<\/span><\/h4>\n<h4><span style=\"color: #000080;\">Spotkania formacyjne odbywaj\u0105 si\u0119 w\u00a0pierwsz\u0105 \u015brod\u0119 miesi\u0105ca po Mszy \u015awi\u0119tej.<\/span><\/h4>\n","protected":false},"excerpt":{"rendered":"<p>Akcja Katolicka w\u00a0Polsce zosta\u0142a powo\u0142ana w\u00a0roku 1994 na wezwanie Papie\u017ca \u015aw. Jana Paw\u0142a II do reaktywowania Akcji Katolickiej O\u00a0woli jej reaktywowania m\u00f3wi\u0142 Jan Pawe\u0142 II\u00a0do biskup\u00f3w polskich podczas ich wizyty w\u00a0Rzymie 12 stycznia 1993 roku. Wypowiedzia\u0142 w\u00f3wczas znamienne s\u0142owa: Niezast\u0105pionym \u015brodkiem formacji apostolskiej \u015bwieckich s\u0105 organizacje, stowarzyszenia i\u00a0ruchy katolickie. W\u015br\u00f3d nich szczeg\u00f3lne miejsce zajmuje Akcja Katolicka, kt\u00f3ra kiedy\u015b w\u00a0Polsce \u017cy\u0142a i\u00a0przynios\u0142a tyle wspania\u0142ych owoc\u00f3w. &hellip;<\/p>\n","protected":false},"author":1,"featured_media":0,"parent":0,"menu_order":0,"comment_status":"closed","ping_status":"closed","template":"","meta":{"footnotes":""},"class_list":["post-57","page","type-page","status-publish","hentry"],"_links":{"self":[{"href":"https:\/\/parafia-chlewo.pl\/index.php?rest_route=\/wp\/v2\/pages\/57","targetHints":{"allow":["GET"]}}],"collection":[{"href":"https:\/\/parafia-chlewo.pl\/index.php?rest_route=\/wp\/v2\/pages"}],"about":[{"href":"https:\/\/parafia-chlewo.pl\/index.php?rest_route=\/wp\/v2\/types\/page"}],"author":[{"embeddable":true,"href":"https:\/\/parafia-chlewo.pl\/index.php?rest_route=\/wp\/v2\/users\/1"}],"replies":[{"embeddable":true,"href":"https:\/\/parafia-chlewo.pl\/index.php?rest_route=%2Fwp%2Fv2%2Fcomments&post=57"}],"version-history":[{"count":1,"href":"https:\/\/parafia-chlewo.pl\/index.php?rest_route=\/wp\/v2\/pages\/57\/revisions"}],"predecessor-version":[{"id":58,"href":"https:\/\/parafia-chlewo.pl\/index.php?rest_route=\/wp\/v2\/pages\/57\/revisions\/58"}],"wp:attachment":[{"href":"https:\/\/parafia-chlewo.pl\/index.php?rest_route=%2Fwp%2Fv2%2Fmedia&parent=57"}],"curies":[{"name":"wp","href":"https:\/\/api.w.org\/{rel}","templated":true}]}}