{"id":523,"date":"2020-03-07T19:38:49","date_gmt":"2020-03-07T18:38:49","guid":{"rendered":"http:\/\/parafia-chlewo.pl\/?page_id=523"},"modified":"2020-03-07T20:35:45","modified_gmt":"2020-03-07T19:35:45","slug":"swiety-kazimierz-krolewicz","status":"publish","type":"page","link":"https:\/\/parafia-chlewo.pl\/?page_id=523","title":{"rendered":"\u015awi\u0119ty Kazimierz kr\u00f3lewicz"},"content":{"rendered":"<figure id=\"attachment_524\" aria-describedby=\"caption-attachment-524\" style=\"width: 539px\" class=\"wp-caption aligncenter\"><a href=\"http:\/\/parafia-chlewo.pl\/wp-content\/uploads\/2020\/03\/IMG_0156.jpg\" target=\"_blank\" rel=\"noopener noreferrer\"><img loading=\"lazy\" decoding=\"async\" class=\"wp-image-524 size-large\" src=\"http:\/\/parafia-chlewo.pl\/wp-content\/uploads\/2020\/03\/IMG_0156-1024x683.jpg\" alt=\"\" width=\"539\" height=\"360\" srcset=\"https:\/\/parafia-chlewo.pl\/wp-content\/uploads\/2020\/03\/IMG_0156-1024x683.jpg 1024w, https:\/\/parafia-chlewo.pl\/wp-content\/uploads\/2020\/03\/IMG_0156-300x200.jpg 300w, https:\/\/parafia-chlewo.pl\/wp-content\/uploads\/2020\/03\/IMG_0156-768x512.jpg 768w, https:\/\/parafia-chlewo.pl\/wp-content\/uploads\/2020\/03\/IMG_0156-1536x1024.jpg 1536w, https:\/\/parafia-chlewo.pl\/wp-content\/uploads\/2020\/03\/IMG_0156-525x350.jpg 525w, https:\/\/parafia-chlewo.pl\/wp-content\/uploads\/2020\/03\/IMG_0156.jpg 1620w\" sizes=\"auto, (max-width: 539px) 100vw, 539px\" \/><\/a><figcaption id=\"caption-attachment-524\" class=\"wp-caption-text\">Obraz \u015bw. Kazimierza namalowany na \u015bcianie prezbiterium ko\u015bcio\u0142a w Chlewie.<\/figcaption><\/figure>\n<h4>Kazimierz by\u0142 drugim synem kr\u00f3la Kazimierza Jagiello\u0144czyka i El\u017cbiety Rakuszanki. Urodzi\u0142 si\u0119 3 pa\u017adziernika 1458 r. na Wawelu. By\u0142 pupilem swojego taty. Mia\u0142 pi\u0119ciu braci i siedem si\u00f3str. Najstarszy &#8211; W\u0142adys\u0142aw zosta\u0142 przeznaczony na tron czeski, natomiast Kazimierza ojciec wys\u0142a\u0142 w 1471 r. na W\u0119gry z niewielk\u0105 armi\u0105, gdzie mia\u0142 obj\u0105\u0107 tron. Panowie w\u0119gierscy zbuntowali si\u0119 jednak i kr\u00f3lewicz szybko powr\u00f3ci\u0142 do Polski. Czy ta pora\u017cka by\u0142a momentem zwrotnym w jego \u017cyciu duchowym? Z pewno\u015bci\u0105 u\u015bwiadomi\u0142a niepewno\u015b\u0107 ludzkiego losu, nawet kr\u00f3lewskiego, i wp\u0142yn\u0119\u0142a na pog\u0142\u0119bienie jego pobo\u017cno\u015bci. Ale przecie\u017c Kazimierz od najm\u0142odszych lat kocha\u0142 modlitw\u0119, s\u0142u\u017cy\u0142 ja\u0142mu\u017cn\u0105. Jego dom by\u0142 bardzo religijny &#8211; rodzice codziennie uczestniczyli we Mszy \u015bw., fundowali ko\u015bcio\u0142y i klasztory, pielgrzymowali do Cz\u0119stochowy. Wychowaniem kr\u00f3lewicza do 9. roku \u017cycia zajmowa\u0142a si\u0119 matka. Od 1467 r. edukacj\u0105 kr\u00f3lewskich syn\u00f3w zaj\u0105\u0142 si\u0119 Jan D\u0142ugosz. Kazimierz wyr\u00f3\u017cnia\u0142 si\u0119 wra\u017cliwo\u015bci\u0105 moraln\u0105 i zdolno\u015bciami oratorskimi, kt\u00f3re doceniali zagraniczni dyplomaci, witani przez kr\u00f3lewicza mowami wyg\u0142aszanymi po \u0142acinie. Jan D\u0142ugosz o swoim uczniu napisa\u0142: ?By\u0142 m\u0142odzie\u0144cem szlachetnym, rzadkich zdolno\u015bci i godnego pami\u0119ci rozumu?. Dlatego na wie\u015b\u0107 o tym, \u017ce mia\u0142 obj\u0105\u0107 tron w\u0119gierski, zanotowa\u0142 w swojej Kronice, i\u017c ?raczej powinno si\u0119 go zachowa\u0107 dla ojczystej ziemi, ni\u017c oddawa\u0107 obcym?. Kazimierz nie lubi\u0142 ha\u0142a\u015bliwych zabaw rycerskich, nie poci\u0105ga\u0142y go polowania, kr\u00f3lewskie uczty. Ludzie z jego otoczenia podkre\u015blali jego zalety intelektualne i moralne. Mia\u0142 talent jednania sk\u0142\u00f3conych ludzi. Ch\u0119tnie przebywa\u0142 w\u015br\u00f3d ubogich, rozdaj\u0105c ja\u0142mu\u017cn\u0119 ze swoich dochod\u00f3w. Pisano te\u017c, \u017ce sypia\u0142 na twardej ziemi, nosi\u0142 w\u0142osienic\u0119 i skromn\u0105 odzie\u017c, cz\u0119sto po\u015bci\u0142 i d\u0142ugie godziny sp\u0119dza\u0142 na modlitwie. Czasem, gdy panowa\u0142a ju\u017c wieczorna cisza i wszyscy korzystali z odpoczynku, on kl\u0119cza\u0142 na progu \u015bwi\u0105tyni, przed zamkni\u0119tymi drzwiami. Od dzieci\u0144stwa \u017cywi\u0142 gor\u0105ce nabo\u017ce\u0144stwo do Naj\u015bwi\u0119tszego Sakramentu i Matki Bo\u017cej. Do niedawna jemu przypisywano autorstwo pie\u015bni maryjnej ?Dnia ka\u017cdego Boga mego Matk\u0119 duszo wys\u0142awiaj?. Kazimierz nie mia\u0142 pasji rz\u0105dzenia pa\u0144stwem, ale uczestniczy\u0142 w \u017cyciu politycznym. Przy boku ojca bra\u0142 mi\u0119dzy innymi udzia\u0142 w spotkaniach z wielkim mistrzem krzy\u017cackim. Przez dwa lata (od 1481 do 1483) rezyduj\u0105c w Radomiu faktycznie rz\u0105dzi\u0142 Koron\u0105. W tym czasie jego ojciec przebywa\u0142 w Wilnie, uspokajaj\u0105c buntownicze nastroje litewskich pan\u00f3w. W ko\u0144cu wezwa\u0142 syna do siebie. Chodzi\u0142o o ratowanie zdrowia nast\u0119pcy tronu &#8211; Kazimierz cierpia\u0142 na ?chorob\u0119 piersiow\u0105?. Dzisiaj wiemy, \u017ce by\u0142a to gru\u017alica. W Wilnie rzeczywi\u015bcie nast\u0105pi\u0142a poprawa, tak \u017ce Bo\u017ce Narodzenie 1483 r. kr\u00f3lewicz m\u00f3g\u0142 \u015bwi\u0119towa\u0107 z rodzicami w Grodnie. Wtedy to najbli\u017csi nalegali, by z\u0142ama\u0142 \u015blub czysto\u015bci lub poprosi\u0142 o dyspens\u0119, mniemaj\u0105c, i\u017c to przyczyni si\u0119 do poprawy jego zdrowia. Kr\u00f3lewicz jednak odrzuci\u0142 rady rodziny i lekarzy. W styczniu 1484 r. kr\u00f3l wyruszy\u0142 w sprawach pa\u0144stwowych do Lublina, wkr\u00f3tce jednak nadesz\u0142a wiadomo\u015b\u0107 o nag\u0142ym pogorszeniu si\u0119 zdrowia syna, wi\u0119c pilnie wr\u00f3ci\u0142, zastaj\u0105c kr\u00f3lewicza jeszcze przy \u017cyciu. W niedziel\u0119, 4 marca 1484 r., w Grodnie Kazimierz odszed\u0142 do wieczno\u015bci. Mia\u0142 tylko 26 lat. Cia\u0142o przewieziono do Wilna i z\u0142o\u017cono w katedrze. Kronikarz ruski zaraz po pogrzebie Kazimierza napisa\u0142: ?Jeho\u017ce za swiatoho majut Lachy?. I rzeczywi\u015bcie, do grobu przybywali szlachta i ch\u0142opi, by wyprasza\u0107 \u0142aski. Sk\u0142adali dzi\u0119kczynne wota ze z\u0142ota i srebra, a najbiedniejsi z wosku. Wstawiennictwu Kazimierza polecano opiek\u0119 nad pa\u0144stwem i zwyci\u0119stwa nad nieprzyjaci\u00f3\u0142mi. W 1518 r., po zwyci\u0119stwie wojsk polsko-litewskich nad wojskami moskiewskimi pod Po\u0142ockiem, uznano, \u017ce sta\u0142o si\u0119 to za przyczyn\u0105 zmar\u0142ego kr\u00f3lewicza. Jego rodzony brat, kr\u00f3l Zygmunt I Stary, wys\u0142a\u0142 wi\u0119c do Rzymu pro\u015bb\u0119 o kanonizacj\u0119 Kazimierza. Papie\u017c przys\u0142a\u0142 swojego legata, by na miejscu zbada\u0142 kult. \u00d3w wys\u0142annik napisa\u0142 pierwszy oficjalny \u017cywot kr\u00f3lewicza. Kanonizacja odby\u0142a si\u0119 w 1522 r., ale wys\u0142any na uroczysto\u015bci bp Erazm Cio\u0142ek zmar\u0142 w drodze powrotnej i bulla kanonizacyjna zagin\u0119\u0142a. Dopiero w 1602 r. papie\u017c Klemens VIII wyda\u0142 now\u0105 bull\u0119, i dwa lata p\u00f3\u017aniej w katedrze wile\u0144skiej odby\u0142y si\u0119 uroczysto\u015bci kanonizacyjne. Kiedy nieco wcze\u015bniej otwarto grobowiec kr\u00f3lewicza, znaleziono &#8211; wed\u0142ug przekaz\u00f3w \u015bwiadk\u00f3w &#8211; nienaruszone cia\u0142o \u015bwi\u0119tego wraz z pergaminem, na kt\u00f3rym wypisany by\u0142 ulubiony hymn ku czci Naj\u015bwi\u0119tszej Maryi Panny. W 1636 r. uroczy\u015bcie przeniesiono relikwie do nowej kaplicy, ufundowanej przez kr\u00f3l\u00f3w Zygmunta III Waz\u0119 i W\u0142adys\u0142awa IV. Kilkakrotnie by\u0142y chronione przed naje\u017ad\u017acami. Ostatni raz w 1953 r., gdy katedr\u0119 wile\u0144sk\u0105 zamieniono na sal\u0119 koncertow\u0105. Do kaplicy kazimierzowskiej powr\u00f3ci\u0142y dopiero w 1991 r.<br \/>\n\u015awi\u0119ty kr\u00f3lewicz czczony jest przez dwa narody: Polak\u00f3w i Litwin\u00f3w. Jest ponadto patronem metropolii wile\u0144skiej, a tak\u017ce metropolii bia\u0142ostockiej i krakowskiej oraz diecezji grodzie\u0144skiej. Jego opiece polecana jest m\u0142odzie\u017c (oficjalnie na Litwie od 1950 r.). Jego \u015bwi\u0119to 4 marca najpi\u0119kniej obchodzone jest na Litwie. Dzie\u0144 \u015bw. Kazimierza to s\u0142ynne kaziuki, gdy sprzedaje si\u0119 obwarzanki, pierniki i palmy. Obecnie, zw\u0142aszcza w Polsce, m\u00f3wi si\u0119, \u017ce \u015bw. Kazimierz powinien by\u0107 wzorem dla tych, kt\u00f3rzy podejmuj\u0105 s\u0142u\u017cb\u0119 publiczn\u0105. Jeden ze wsp\u00f3\u0142czesnych kaznodziej\u00f3w uwa\u017ca, \u017ce ?ten rodzaj \u015bwi\u0119to\u015bci \u017cycia \u015bw. Kazimierza jest dzisiaj potrzebny tym, kt\u00f3rzy rz\u0105dz\u0105, kt\u00f3rzy si\u0119 do obj\u0119cia rz\u0105d\u00f3w przygotowuj\u0105, a mo\u017ce najbardziej tym, kt\u00f3rzy swoich wsp\u00f3\u0142obywateli do sprawowania rz\u0105d\u00f3w poprzez wybory deleguj\u0105?.<\/h4>\n","protected":false},"excerpt":{"rendered":"<p>Kazimierz by\u0142 drugim synem kr\u00f3la Kazimierza Jagiello\u0144czyka i El\u017cbiety Rakuszanki. Urodzi\u0142 si\u0119 3 pa\u017adziernika 1458 r. na Wawelu. By\u0142 pupilem swojego taty. Mia\u0142 pi\u0119ciu braci i siedem si\u00f3str. Najstarszy &#8211; W\u0142adys\u0142aw zosta\u0142 przeznaczony na tron czeski, natomiast Kazimierza ojciec wys\u0142a\u0142 w 1471 r. na W\u0119gry z niewielk\u0105 armi\u0105, gdzie mia\u0142 obj\u0105\u0107 tron. Panowie w\u0119gierscy zbuntowali si\u0119 jednak i kr\u00f3lewicz szybko powr\u00f3ci\u0142 do Polski. Czy &hellip;<\/p>\n","protected":false},"author":1,"featured_media":0,"parent":0,"menu_order":0,"comment_status":"closed","ping_status":"closed","template":"","meta":{"footnotes":""},"class_list":["post-523","page","type-page","status-publish","hentry"],"_links":{"self":[{"href":"https:\/\/parafia-chlewo.pl\/index.php?rest_route=\/wp\/v2\/pages\/523","targetHints":{"allow":["GET"]}}],"collection":[{"href":"https:\/\/parafia-chlewo.pl\/index.php?rest_route=\/wp\/v2\/pages"}],"about":[{"href":"https:\/\/parafia-chlewo.pl\/index.php?rest_route=\/wp\/v2\/types\/page"}],"author":[{"embeddable":true,"href":"https:\/\/parafia-chlewo.pl\/index.php?rest_route=\/wp\/v2\/users\/1"}],"replies":[{"embeddable":true,"href":"https:\/\/parafia-chlewo.pl\/index.php?rest_route=%2Fwp%2Fv2%2Fcomments&post=523"}],"version-history":[{"count":4,"href":"https:\/\/parafia-chlewo.pl\/index.php?rest_route=\/wp\/v2\/pages\/523\/revisions"}],"predecessor-version":[{"id":564,"href":"https:\/\/parafia-chlewo.pl\/index.php?rest_route=\/wp\/v2\/pages\/523\/revisions\/564"}],"wp:attachment":[{"href":"https:\/\/parafia-chlewo.pl\/index.php?rest_route=%2Fwp%2Fv2%2Fmedia&parent=523"}],"curies":[{"name":"wp","href":"https:\/\/api.w.org\/{rel}","templated":true}]}}