{"id":3472,"date":"2024-08-04T20:22:00","date_gmt":"2024-08-04T18:22:00","guid":{"rendered":"https:\/\/parafia-chlewo.pl\/?page_id=3472"},"modified":"2026-05-03T20:13:31","modified_gmt":"2026-05-03T18:13:31","slug":"nowenna","status":"publish","type":"page","link":"https:\/\/parafia-chlewo.pl\/?page_id=3472","title":{"rendered":"Nowenna"},"content":{"rendered":"<h4>NOWENNA DO MB NIEUSTAJ\u0104CEJ POMOCY (06.05.2026)<br \/>\n&#8211; o pok\u00f3j na \u015bwiecie<br \/>\n&#8211; o dar wiary dla dzieci i m\u0142odzie\u017cy naszej parafii i ich rodzic\u00f3w<br \/>\n&#8211; za parafian chorych i prze\u017cywaj\u0105cych trudno\u015bci<br \/>\n&#8211; o powo\u0142ania kap\u0142a\u0144skie i zakonne dla naszej diecezji<br \/>\n&#8211; o Bo\u017ce b\u0142. potrzebne \u0142aski i zdrowie dla Stanis\u0142awa z okazji 75 urodzin<br \/>\n&#8211; z podzi\u0119kowaniem za otrzymane \u0142aski z pro\u015bb\u0105 o dalsze Bo\u017ce b\u0142. (1\/2)<br \/>\n&#8211; o Bo\u017ce b\u0142., dary Ducha \u015awi\u0119tego, opiek\u0119 Matki Bo\u017cej dla Krzysztofa z okazji 38 urodzin, dla Eweliny z okazji 31 urodzin, i Joanny z okazji 37 urodzin<br \/>\n&#8211; z podzi\u0119kowaniem za dotychczasowe \u0142aski z pro\u015bb\u0105 o dalsz\u0105 opiek\u0119, Bo\u017ce b\u0142. i zdrowie dla Marzeny (1\/4)<br \/>\n&#8211; o uwolnienie od na\u0142ogu alkoholowego i potrzebne \u0142aski dla ojca oraz za innych uzale\u017cnionych i ich rodziny (1\/3)<\/h4>\n<h4>za zmar\u0142ych:<br \/>\n+Stanis\u0142awa i Jakuba Konopiatych<br \/>\n+Dariusza Leszczy\u0144skiego (19 rocz. \u015bm.) i Stanis\u0142awa Kemskiego (z okazji imienin)<br \/>\n+Stanis\u0142awa i Iren\u0119 Marek<br \/>\n+Wac\u0142awa Marka<br \/>\n+Krystyn\u0119 Lubeck\u0105 (5 rocz. \u015bm.)<br \/>\n+Iren\u0119 (2 rocz. \u015bm.) i Stanis\u0142awa (21 rocz. \u015bm.) Jaszczak\u00f3w<br \/>\n+Andrzeja D\u0119bowego (od rodz. Klup\u00f3w)<br \/>\n+Janin\u0119 Grzank\u0119 (od Ireny \u015awierek z rodz. z Gorzuch)<br \/>\n+Andrzeja Sa\u0142ka (od Anny, S\u0142awomira i Macieja Marczak\u00f3w)<br \/>\n+Stanis\u0142aw\u0119 (48 rocz. \u015bm.) i Jana Szyma\u0144skich<br \/>\n+Stanis\u0142awa Gaja (z okazji urodzin i imienin) i Jacka Gaja (z okazji urodzin)<br \/>\n+Kazimierza Papierskiego (4 rocz. \u015bm.)<br \/>\n+Grzegorza Smoli\u0144skiego (od Doroty i Bogdana Wzgard\u00f3w)<br \/>\n+Jerzego Wojtaszczyka (od Haliny \u0141uczak)<br \/>\n+Halin\u0119 Mizgalsk\u0105 (od Kubisi\u00f3w)<br \/>\n+Stanis\u0142awa Ka\u0142u\u017cnego (z okazji imienin)<br \/>\n+Helen\u0119 Tyczy\u0144sk\u0105 (30 rocz. \u015bm.), Antoniego, Kazimierza, Jerzego Tyczy\u0144skich<br \/>\n+Wiktora Olejnika (od Krzysztofa Pietury z rodz.)<br \/>\n+Mari\u0119 Stempie\u0144 (od Marii i Paw\u0142a Jarom\u00f3w z rodz.)<br \/>\n+Dariusza Dudka (od Damiana, Iryny i Nikoli)<br \/>\n+Tomasza Drymla (od Karola, Iwony i Agnieszki Majewskich z rodzinami)<br \/>\n+Stefana Kozielskiego (od rodz. Orzechowskich z Kokoszek)<br \/>\n+J\u00f3zefa Dusz\u0119 (od kolegi Jana W\u0142odarskiego z rodz.)<br \/>\n+Zofi\u0119 Zdobych (od Agnieszki i Karola Szewczyk\u00f3w)<br \/>\n+Marka Damazera (od Kazimierza Marczaka)<br \/>\n+Stanis\u0142aw\u0119 Jak\u00f3bczak (od Kaczmark\u00f3w z Polesia)<br \/>\n+Zofi\u0119 Dziedzic (od Anny Nawrockiej)<br \/>\n+J\u00f3zefa Nowackiego (od s\u0105siad\u00f3w Zawadzkich)<br \/>\n+Zbigniewa Grzelaka (od rodz. Andrzejczak\u00f3w i Czernielewskich)<br \/>\n+Miros\u0142awa Pawlaka (od J\u00f3zefa Wo\u017aniaka z rodz. z D\u0119bska)<br \/>\n+Iren\u0119 Pawlaczyk (od Anny Nawrockiej z Woli T.)<br \/>\n+Janin\u0119 Miko\u0142ajczyk (od Gra\u017cyny Bry\u0144skiej)<br \/>\n+Lidi\u0119 Gawron (od Henryki B\u0142aszczyk)<br \/>\n+Emili\u0119 Wi\u015bniewsk\u0105 (od wnuka Mariusza z rodz.)<br \/>\n+zmar\u0142ych kap\u0142an\u00f3w i dobrodziej\u00f3w naszej parafii, wszystkie dusze w czy\u015b\u0107cu cierpi\u0105ce.<\/h4>\n","protected":false},"excerpt":{"rendered":"<p>NOWENNA DO MB NIEUSTAJ\u0104CEJ POMOCY (06.05.2026) &#8211; o pok\u00f3j na \u015bwiecie &#8211; o dar wiary dla dzieci i m\u0142odzie\u017cy naszej parafii i ich rodzic\u00f3w &#8211; za parafian chorych i prze\u017cywaj\u0105cych trudno\u015bci &#8211; o powo\u0142ania kap\u0142a\u0144skie i zakonne dla naszej diecezji &#8211; o Bo\u017ce b\u0142. potrzebne \u0142aski i zdrowie dla Stanis\u0142awa z okazji 75 urodzin &#8211; z podzi\u0119kowaniem za otrzymane \u0142aski z pro\u015bb\u0105 o dalsze &hellip;<\/p>\n","protected":false},"author":1,"featured_media":0,"parent":0,"menu_order":0,"comment_status":"closed","ping_status":"closed","template":"","meta":{"footnotes":""},"class_list":["post-3472","page","type-page","status-publish","hentry"],"_links":{"self":[{"href":"https:\/\/parafia-chlewo.pl\/index.php?rest_route=\/wp\/v2\/pages\/3472","targetHints":{"allow":["GET"]}}],"collection":[{"href":"https:\/\/parafia-chlewo.pl\/index.php?rest_route=\/wp\/v2\/pages"}],"about":[{"href":"https:\/\/parafia-chlewo.pl\/index.php?rest_route=\/wp\/v2\/types\/page"}],"author":[{"embeddable":true,"href":"https:\/\/parafia-chlewo.pl\/index.php?rest_route=\/wp\/v2\/users\/1"}],"replies":[{"embeddable":true,"href":"https:\/\/parafia-chlewo.pl\/index.php?rest_route=%2Fwp%2Fv2%2Fcomments&post=3472"}],"version-history":[{"count":109,"href":"https:\/\/parafia-chlewo.pl\/index.php?rest_route=\/wp\/v2\/pages\/3472\/revisions"}],"predecessor-version":[{"id":4142,"href":"https:\/\/parafia-chlewo.pl\/index.php?rest_route=\/wp\/v2\/pages\/3472\/revisions\/4142"}],"wp:attachment":[{"href":"https:\/\/parafia-chlewo.pl\/index.php?rest_route=%2Fwp%2Fv2%2Fmedia&parent=3472"}],"curies":[{"name":"wp","href":"https:\/\/api.w.org\/{rel}","templated":true}]}}