{"id":3232,"date":"2023-04-02T18:24:13","date_gmt":"2023-04-02T16:24:13","guid":{"rendered":"https:\/\/parafia-chlewo.pl\/?page_id=3232"},"modified":"2023-04-02T19:00:48","modified_gmt":"2023-04-02T17:00:48","slug":"grupy-parafialne","status":"publish","type":"page","link":"https:\/\/parafia-chlewo.pl\/?page_id=3232","title":{"rendered":"Grupy parafialne"},"content":{"rendered":"<h2 style=\"text-align: center;\"><span style=\"color: #800000;\">Rada parafialna<\/span><\/h2>\n<h2 style=\"text-align: center;\"><span style=\"color: #800000;\">Rada duszpasterska<\/span><\/h2>\n<h2 style=\"text-align: center;\"><a href=\"https:\/\/parafia-chlewo.pl\/?page_id=57\"><span style=\"color: #800000;\">Akcja katolicka<\/span><\/a><\/h2>\n<h2 style=\"text-align: center;\"><a href=\"https:\/\/parafia-chlewo.pl\/?page_id=3239\"><span style=\"color: #800000;\">Kr\u0105g biblijny<\/span><\/a><\/h2>\n<h2 style=\"text-align: center;\"><a href=\"https:\/\/parafia-chlewo.pl\/?page_id=59\"><span style=\"color: #800000;\">\u017bywy r\u00f3\u017caniec<\/span><\/a><\/h2>\n<h2 style=\"text-align: center;\"><span style=\"color: #800000;\">Caritas\u00a0<\/span><\/h2>\n<h2 style=\"text-align: center;\"><a href=\"https:\/\/parafia-chlewo.pl\/?page_id=61\"><span style=\"color: #800000;\">Ministranci<\/span><\/a><\/h2>\n<h2 style=\"text-align: center;\"><a href=\"https:\/\/parafia-chlewo.pl\/?page_id=3242\"><span style=\"color: #800000;\">Apostolat Margaretka<\/span><\/a><\/h2>\n<p>&nbsp;<\/p>\n","protected":false},"excerpt":{"rendered":"<p>Rada parafialna Rada duszpasterska Akcja katolicka Kr\u0105g biblijny \u017bywy r\u00f3\u017caniec Caritas\u00a0 Ministranci Apostolat Margaretka &nbsp;<\/p>\n","protected":false},"author":1,"featured_media":0,"parent":0,"menu_order":0,"comment_status":"closed","ping_status":"closed","template":"","meta":{"footnotes":""},"class_list":["post-3232","page","type-page","status-publish","hentry"],"_links":{"self":[{"href":"https:\/\/parafia-chlewo.pl\/index.php?rest_route=\/wp\/v2\/pages\/3232","targetHints":{"allow":["GET"]}}],"collection":[{"href":"https:\/\/parafia-chlewo.pl\/index.php?rest_route=\/wp\/v2\/pages"}],"about":[{"href":"https:\/\/parafia-chlewo.pl\/index.php?rest_route=\/wp\/v2\/types\/page"}],"author":[{"embeddable":true,"href":"https:\/\/parafia-chlewo.pl\/index.php?rest_route=\/wp\/v2\/users\/1"}],"replies":[{"embeddable":true,"href":"https:\/\/parafia-chlewo.pl\/index.php?rest_route=%2Fwp%2Fv2%2Fcomments&post=3232"}],"version-history":[{"count":4,"href":"https:\/\/parafia-chlewo.pl\/index.php?rest_route=\/wp\/v2\/pages\/3232\/revisions"}],"predecessor-version":[{"id":3245,"href":"https:\/\/parafia-chlewo.pl\/index.php?rest_route=\/wp\/v2\/pages\/3232\/revisions\/3245"}],"wp:attachment":[{"href":"https:\/\/parafia-chlewo.pl\/index.php?rest_route=%2Fwp%2Fv2%2Fmedia&parent=3232"}],"curies":[{"name":"wp","href":"https:\/\/api.w.org\/{rel}","templated":true}]}}