{"id":3043,"date":"2022-10-30T21:02:53","date_gmt":"2022-10-30T20:02:53","guid":{"rendered":"https:\/\/parafia-chlewo.pl\/?page_id=3043"},"modified":"2022-11-04T14:18:46","modified_gmt":"2022-11-04T13:18:46","slug":"korowod-swietych","status":"publish","type":"page","link":"https:\/\/parafia-chlewo.pl\/?page_id=3043","title":{"rendered":"Korow\u00f3d \u015awi\u0119tych"},"content":{"rendered":"<div id='gallery-1' class='gallery galleryid-3043 gallery-columns-3 gallery-size-medium'><figure class='gallery-item'>\n\t\t\t<div class='gallery-icon portrait'>\n\t\t\t\t<a href='https:\/\/parafia-chlewo.pl\/wp-content\/uploads\/2022\/10\/Bal-6.jpg'><img loading=\"lazy\" decoding=\"async\" width=\"200\" height=\"300\" src=\"https:\/\/parafia-chlewo.pl\/wp-content\/uploads\/2022\/10\/Bal-6-200x300.jpg\" class=\"attachment-medium size-medium\" alt=\"\" srcset=\"https:\/\/parafia-chlewo.pl\/wp-content\/uploads\/2022\/10\/Bal-6-200x300.jpg 200w, https:\/\/parafia-chlewo.pl\/wp-content\/uploads\/2022\/10\/Bal-6-683x1024.jpg 683w, https:\/\/parafia-chlewo.pl\/wp-content\/uploads\/2022\/10\/Bal-6-768x1152.jpg 768w, https:\/\/parafia-chlewo.pl\/wp-content\/uploads\/2022\/10\/Bal-6-1024x1536.jpg 1024w, https:\/\/parafia-chlewo.pl\/wp-content\/uploads\/2022\/10\/Bal-6-233x350.jpg 233w, https:\/\/parafia-chlewo.pl\/wp-content\/uploads\/2022\/10\/Bal-6.jpg 1080w\" sizes=\"auto, (max-width: 200px) 100vw, 200px\" \/><\/a>\n\t\t\t<\/div><\/figure><figure class='gallery-item'>\n\t\t\t<div class='gallery-icon landscape'>\n\t\t\t\t<a href='https:\/\/parafia-chlewo.pl\/wp-content\/uploads\/2022\/10\/Bal-1.jpg'><img loading=\"lazy\" decoding=\"async\" width=\"300\" height=\"200\" src=\"https:\/\/parafia-chlewo.pl\/wp-content\/uploads\/2022\/10\/Bal-1-300x200.jpg\" class=\"attachment-medium size-medium\" alt=\"\" srcset=\"https:\/\/parafia-chlewo.pl\/wp-content\/uploads\/2022\/10\/Bal-1-300x200.jpg 300w, https:\/\/parafia-chlewo.pl\/wp-content\/uploads\/2022\/10\/Bal-1-1024x683.jpg 1024w, https:\/\/parafia-chlewo.pl\/wp-content\/uploads\/2022\/10\/Bal-1-768x512.jpg 768w, https:\/\/parafia-chlewo.pl\/wp-content\/uploads\/2022\/10\/Bal-1-1536x1024.jpg 1536w, https:\/\/parafia-chlewo.pl\/wp-content\/uploads\/2022\/10\/Bal-1-525x350.jpg 525w, https:\/\/parafia-chlewo.pl\/wp-content\/uploads\/2022\/10\/Bal-1.jpg 1620w\" sizes=\"auto, (max-width: 300px) 100vw, 300px\" \/><\/a>\n\t\t\t<\/div><\/figure><figure class='gallery-item'>\n\t\t\t<div class='gallery-icon portrait'>\n\t\t\t\t<a href='https:\/\/parafia-chlewo.pl\/wp-content\/uploads\/2022\/10\/Bal-2.jpg'><img loading=\"lazy\" decoding=\"async\" width=\"200\" height=\"300\" src=\"https:\/\/parafia-chlewo.pl\/wp-content\/uploads\/2022\/10\/Bal-2-200x300.jpg\" class=\"attachment-medium size-medium\" alt=\"\" srcset=\"https:\/\/parafia-chlewo.pl\/wp-content\/uploads\/2022\/10\/Bal-2-200x300.jpg 200w, https:\/\/parafia-chlewo.pl\/wp-content\/uploads\/2022\/10\/Bal-2-683x1024.jpg 683w, https:\/\/parafia-chlewo.pl\/wp-content\/uploads\/2022\/10\/Bal-2-768x1152.jpg 768w, https:\/\/parafia-chlewo.pl\/wp-content\/uploads\/2022\/10\/Bal-2-1024x1536.jpg 1024w, https:\/\/parafia-chlewo.pl\/wp-content\/uploads\/2022\/10\/Bal-2-233x350.jpg 233w, https:\/\/parafia-chlewo.pl\/wp-content\/uploads\/2022\/10\/Bal-2.jpg 1080w\" sizes=\"auto, (max-width: 200px) 100vw, 200px\" \/><\/a>\n\t\t\t<\/div><\/figure><figure class='gallery-item'>\n\t\t\t<div class='gallery-icon portrait'>\n\t\t\t\t<a href='https:\/\/parafia-chlewo.pl\/wp-content\/uploads\/2022\/10\/Bal-3.jpg'><img loading=\"lazy\" decoding=\"async\" width=\"200\" height=\"300\" src=\"https:\/\/parafia-chlewo.pl\/wp-content\/uploads\/2022\/10\/Bal-3-200x300.jpg\" class=\"attachment-medium size-medium\" alt=\"\" srcset=\"https:\/\/parafia-chlewo.pl\/wp-content\/uploads\/2022\/10\/Bal-3-200x300.jpg 200w, https:\/\/parafia-chlewo.pl\/wp-content\/uploads\/2022\/10\/Bal-3-683x1024.jpg 683w, https:\/\/parafia-chlewo.pl\/wp-content\/uploads\/2022\/10\/Bal-3-768x1152.jpg 768w, https:\/\/parafia-chlewo.pl\/wp-content\/uploads\/2022\/10\/Bal-3-1024x1536.jpg 1024w, https:\/\/parafia-chlewo.pl\/wp-content\/uploads\/2022\/10\/Bal-3-233x350.jpg 233w, https:\/\/parafia-chlewo.pl\/wp-content\/uploads\/2022\/10\/Bal-3.jpg 1080w\" sizes=\"auto, (max-width: 200px) 100vw, 200px\" \/><\/a>\n\t\t\t<\/div><\/figure><figure class='gallery-item'>\n\t\t\t<div class='gallery-icon portrait'>\n\t\t\t\t<a href='https:\/\/parafia-chlewo.pl\/wp-content\/uploads\/2022\/10\/Bal-4.jpg'><img loading=\"lazy\" decoding=\"async\" width=\"200\" height=\"300\" src=\"https:\/\/parafia-chlewo.pl\/wp-content\/uploads\/2022\/10\/Bal-4-200x300.jpg\" class=\"attachment-medium size-medium\" alt=\"\" srcset=\"https:\/\/parafia-chlewo.pl\/wp-content\/uploads\/2022\/10\/Bal-4-200x300.jpg 200w, https:\/\/parafia-chlewo.pl\/wp-content\/uploads\/2022\/10\/Bal-4-683x1024.jpg 683w, https:\/\/parafia-chlewo.pl\/wp-content\/uploads\/2022\/10\/Bal-4-768x1152.jpg 768w, https:\/\/parafia-chlewo.pl\/wp-content\/uploads\/2022\/10\/Bal-4-1024x1536.jpg 1024w, https:\/\/parafia-chlewo.pl\/wp-content\/uploads\/2022\/10\/Bal-4-233x350.jpg 233w, https:\/\/parafia-chlewo.pl\/wp-content\/uploads\/2022\/10\/Bal-4.jpg 1080w\" sizes=\"auto, (max-width: 200px) 100vw, 200px\" \/><\/a>\n\t\t\t<\/div><\/figure><figure class='gallery-item'>\n\t\t\t<div class='gallery-icon portrait'>\n\t\t\t\t<a href='https:\/\/parafia-chlewo.pl\/wp-content\/uploads\/2022\/10\/Bal-5.jpg'><img loading=\"lazy\" decoding=\"async\" width=\"200\" height=\"300\" src=\"https:\/\/parafia-chlewo.pl\/wp-content\/uploads\/2022\/10\/Bal-5-200x300.jpg\" class=\"attachment-medium size-medium\" alt=\"\" srcset=\"https:\/\/parafia-chlewo.pl\/wp-content\/uploads\/2022\/10\/Bal-5-200x300.jpg 200w, https:\/\/parafia-chlewo.pl\/wp-content\/uploads\/2022\/10\/Bal-5-683x1024.jpg 683w, https:\/\/parafia-chlewo.pl\/wp-content\/uploads\/2022\/10\/Bal-5-768x1152.jpg 768w, https:\/\/parafia-chlewo.pl\/wp-content\/uploads\/2022\/10\/Bal-5-1024x1536.jpg 1024w, https:\/\/parafia-chlewo.pl\/wp-content\/uploads\/2022\/10\/Bal-5-233x350.jpg 233w, https:\/\/parafia-chlewo.pl\/wp-content\/uploads\/2022\/10\/Bal-5.jpg 1080w\" sizes=\"auto, (max-width: 200px) 100vw, 200px\" \/><\/a>\n\t\t\t<\/div><\/figure><figure class='gallery-item'>\n\t\t\t<div class='gallery-icon portrait'>\n\t\t\t\t<a href='https:\/\/parafia-chlewo.pl\/wp-content\/uploads\/2022\/10\/Bal-7.jpg'><img loading=\"lazy\" decoding=\"async\" width=\"200\" height=\"300\" src=\"https:\/\/parafia-chlewo.pl\/wp-content\/uploads\/2022\/10\/Bal-7-200x300.jpg\" class=\"attachment-medium size-medium\" alt=\"\" srcset=\"https:\/\/parafia-chlewo.pl\/wp-content\/uploads\/2022\/10\/Bal-7-200x300.jpg 200w, https:\/\/parafia-chlewo.pl\/wp-content\/uploads\/2022\/10\/Bal-7-683x1024.jpg 683w, https:\/\/parafia-chlewo.pl\/wp-content\/uploads\/2022\/10\/Bal-7-768x1152.jpg 768w, https:\/\/parafia-chlewo.pl\/wp-content\/uploads\/2022\/10\/Bal-7-1024x1536.jpg 1024w, https:\/\/parafia-chlewo.pl\/wp-content\/uploads\/2022\/10\/Bal-7-233x350.jpg 233w, https:\/\/parafia-chlewo.pl\/wp-content\/uploads\/2022\/10\/Bal-7.jpg 1080w\" sizes=\"auto, (max-width: 200px) 100vw, 200px\" \/><\/a>\n\t\t\t<\/div><\/figure><figure class='gallery-item'>\n\t\t\t<div class='gallery-icon portrait'>\n\t\t\t\t<a href='https:\/\/parafia-chlewo.pl\/wp-content\/uploads\/2022\/10\/Bal-8.jpg'><img loading=\"lazy\" decoding=\"async\" width=\"200\" height=\"300\" src=\"https:\/\/parafia-chlewo.pl\/wp-content\/uploads\/2022\/10\/Bal-8-200x300.jpg\" class=\"attachment-medium size-medium\" alt=\"\" srcset=\"https:\/\/parafia-chlewo.pl\/wp-content\/uploads\/2022\/10\/Bal-8-200x300.jpg 200w, https:\/\/parafia-chlewo.pl\/wp-content\/uploads\/2022\/10\/Bal-8-683x1024.jpg 683w, https:\/\/parafia-chlewo.pl\/wp-content\/uploads\/2022\/10\/Bal-8-768x1152.jpg 768w, https:\/\/parafia-chlewo.pl\/wp-content\/uploads\/2022\/10\/Bal-8-1024x1536.jpg 1024w, https:\/\/parafia-chlewo.pl\/wp-content\/uploads\/2022\/10\/Bal-8-233x350.jpg 233w, https:\/\/parafia-chlewo.pl\/wp-content\/uploads\/2022\/10\/Bal-8.jpg 1080w\" sizes=\"auto, (max-width: 200px) 100vw, 200px\" \/><\/a>\n\t\t\t<\/div><\/figure><figure class='gallery-item'>\n\t\t\t<div class='gallery-icon portrait'>\n\t\t\t\t<a href='https:\/\/parafia-chlewo.pl\/wp-content\/uploads\/2022\/10\/Bal-9.jpg'><img loading=\"lazy\" decoding=\"async\" width=\"200\" height=\"300\" src=\"https:\/\/parafia-chlewo.pl\/wp-content\/uploads\/2022\/10\/Bal-9-200x300.jpg\" class=\"attachment-medium size-medium\" alt=\"\" srcset=\"https:\/\/parafia-chlewo.pl\/wp-content\/uploads\/2022\/10\/Bal-9-200x300.jpg 200w, https:\/\/parafia-chlewo.pl\/wp-content\/uploads\/2022\/10\/Bal-9-683x1024.jpg 683w, https:\/\/parafia-chlewo.pl\/wp-content\/uploads\/2022\/10\/Bal-9-768x1152.jpg 768w, https:\/\/parafia-chlewo.pl\/wp-content\/uploads\/2022\/10\/Bal-9-1024x1536.jpg 1024w, https:\/\/parafia-chlewo.pl\/wp-content\/uploads\/2022\/10\/Bal-9-233x350.jpg 233w, https:\/\/parafia-chlewo.pl\/wp-content\/uploads\/2022\/10\/Bal-9.jpg 1080w\" sizes=\"auto, (max-width: 200px) 100vw, 200px\" \/><\/a>\n\t\t\t<\/div><\/figure><figure class='gallery-item'>\n\t\t\t<div class='gallery-icon portrait'>\n\t\t\t\t<a href='https:\/\/parafia-chlewo.pl\/wp-content\/uploads\/2022\/10\/Bal-10.jpg'><img loading=\"lazy\" decoding=\"async\" width=\"200\" height=\"300\" src=\"https:\/\/parafia-chlewo.pl\/wp-content\/uploads\/2022\/10\/Bal-10-200x300.jpg\" class=\"attachment-medium size-medium\" alt=\"\" srcset=\"https:\/\/parafia-chlewo.pl\/wp-content\/uploads\/2022\/10\/Bal-10-200x300.jpg 200w, https:\/\/parafia-chlewo.pl\/wp-content\/uploads\/2022\/10\/Bal-10-683x1024.jpg 683w, https:\/\/parafia-chlewo.pl\/wp-content\/uploads\/2022\/10\/Bal-10-768x1152.jpg 768w, https:\/\/parafia-chlewo.pl\/wp-content\/uploads\/2022\/10\/Bal-10-1024x1536.jpg 1024w, https:\/\/parafia-chlewo.pl\/wp-content\/uploads\/2022\/10\/Bal-10-233x350.jpg 233w, https:\/\/parafia-chlewo.pl\/wp-content\/uploads\/2022\/10\/Bal-10.jpg 1080w\" sizes=\"auto, (max-width: 200px) 100vw, 200px\" \/><\/a>\n\t\t\t<\/div><\/figure><figure class='gallery-item'>\n\t\t\t<div class='gallery-icon portrait'>\n\t\t\t\t<a href='https:\/\/parafia-chlewo.pl\/wp-content\/uploads\/2022\/10\/Bal-11.jpg'><img loading=\"lazy\" decoding=\"async\" width=\"200\" height=\"300\" src=\"https:\/\/parafia-chlewo.pl\/wp-content\/uploads\/2022\/10\/Bal-11-200x300.jpg\" class=\"attachment-medium size-medium\" alt=\"\" srcset=\"https:\/\/parafia-chlewo.pl\/wp-content\/uploads\/2022\/10\/Bal-11-200x300.jpg 200w, https:\/\/parafia-chlewo.pl\/wp-content\/uploads\/2022\/10\/Bal-11-683x1024.jpg 683w, https:\/\/parafia-chlewo.pl\/wp-content\/uploads\/2022\/10\/Bal-11-768x1152.jpg 768w, https:\/\/parafia-chlewo.pl\/wp-content\/uploads\/2022\/10\/Bal-11-1024x1536.jpg 1024w, https:\/\/parafia-chlewo.pl\/wp-content\/uploads\/2022\/10\/Bal-11-233x350.jpg 233w, https:\/\/parafia-chlewo.pl\/wp-content\/uploads\/2022\/10\/Bal-11.jpg 1080w\" sizes=\"auto, (max-width: 200px) 100vw, 200px\" \/><\/a>\n\t\t\t<\/div><\/figure><figure class='gallery-item'>\n\t\t\t<div class='gallery-icon portrait'>\n\t\t\t\t<a href='https:\/\/parafia-chlewo.pl\/wp-content\/uploads\/2022\/10\/Bal-12.jpg'><img loading=\"lazy\" decoding=\"async\" width=\"200\" height=\"300\" src=\"https:\/\/parafia-chlewo.pl\/wp-content\/uploads\/2022\/10\/Bal-12-200x300.jpg\" class=\"attachment-medium size-medium\" alt=\"\" srcset=\"https:\/\/parafia-chlewo.pl\/wp-content\/uploads\/2022\/10\/Bal-12-200x300.jpg 200w, https:\/\/parafia-chlewo.pl\/wp-content\/uploads\/2022\/10\/Bal-12-683x1024.jpg 683w, https:\/\/parafia-chlewo.pl\/wp-content\/uploads\/2022\/10\/Bal-12-768x1152.jpg 768w, https:\/\/parafia-chlewo.pl\/wp-content\/uploads\/2022\/10\/Bal-12-1024x1536.jpg 1024w, https:\/\/parafia-chlewo.pl\/wp-content\/uploads\/2022\/10\/Bal-12-233x350.jpg 233w, https:\/\/parafia-chlewo.pl\/wp-content\/uploads\/2022\/10\/Bal-12.jpg 1080w\" sizes=\"auto, (max-width: 200px) 100vw, 200px\" \/><\/a>\n\t\t\t<\/div><\/figure><figure class='gallery-item'>\n\t\t\t<div class='gallery-icon portrait'>\n\t\t\t\t<a href='https:\/\/parafia-chlewo.pl\/wp-content\/uploads\/2022\/10\/Bal-13.jpg'><img loading=\"lazy\" decoding=\"async\" width=\"200\" height=\"300\" src=\"https:\/\/parafia-chlewo.pl\/wp-content\/uploads\/2022\/10\/Bal-13-200x300.jpg\" class=\"attachment-medium size-medium\" alt=\"\" srcset=\"https:\/\/parafia-chlewo.pl\/wp-content\/uploads\/2022\/10\/Bal-13-200x300.jpg 200w, https:\/\/parafia-chlewo.pl\/wp-content\/uploads\/2022\/10\/Bal-13-683x1024.jpg 683w, https:\/\/parafia-chlewo.pl\/wp-content\/uploads\/2022\/10\/Bal-13-768x1152.jpg 768w, https:\/\/parafia-chlewo.pl\/wp-content\/uploads\/2022\/10\/Bal-13-1024x1536.jpg 1024w, https:\/\/parafia-chlewo.pl\/wp-content\/uploads\/2022\/10\/Bal-13-233x350.jpg 233w, https:\/\/parafia-chlewo.pl\/wp-content\/uploads\/2022\/10\/Bal-13.jpg 1080w\" sizes=\"auto, (max-width: 200px) 100vw, 200px\" \/><\/a>\n\t\t\t<\/div><\/figure><figure class='gallery-item'>\n\t\t\t<div class='gallery-icon portrait'>\n\t\t\t\t<a href='https:\/\/parafia-chlewo.pl\/wp-content\/uploads\/2022\/10\/Bal-14.jpg'><img loading=\"lazy\" decoding=\"async\" width=\"200\" height=\"300\" src=\"https:\/\/parafia-chlewo.pl\/wp-content\/uploads\/2022\/10\/Bal-14-200x300.jpg\" class=\"attachment-medium size-medium\" alt=\"\" srcset=\"https:\/\/parafia-chlewo.pl\/wp-content\/uploads\/2022\/10\/Bal-14-200x300.jpg 200w, https:\/\/parafia-chlewo.pl\/wp-content\/uploads\/2022\/10\/Bal-14-683x1024.jpg 683w, https:\/\/parafia-chlewo.pl\/wp-content\/uploads\/2022\/10\/Bal-14-768x1152.jpg 768w, https:\/\/parafia-chlewo.pl\/wp-content\/uploads\/2022\/10\/Bal-14-1024x1536.jpg 1024w, https:\/\/parafia-chlewo.pl\/wp-content\/uploads\/2022\/10\/Bal-14-233x350.jpg 233w, https:\/\/parafia-chlewo.pl\/wp-content\/uploads\/2022\/10\/Bal-14.jpg 1080w\" sizes=\"auto, (max-width: 200px) 100vw, 200px\" \/><\/a>\n\t\t\t<\/div><\/figure><figure class='gallery-item'>\n\t\t\t<div class='gallery-icon portrait'>\n\t\t\t\t<a href='https:\/\/parafia-chlewo.pl\/wp-content\/uploads\/2022\/10\/Bal-15.jpg'><img loading=\"lazy\" decoding=\"async\" width=\"200\" height=\"300\" src=\"https:\/\/parafia-chlewo.pl\/wp-content\/uploads\/2022\/10\/Bal-15-200x300.jpg\" class=\"attachment-medium size-medium\" alt=\"\" srcset=\"https:\/\/parafia-chlewo.pl\/wp-content\/uploads\/2022\/10\/Bal-15-200x300.jpg 200w, https:\/\/parafia-chlewo.pl\/wp-content\/uploads\/2022\/10\/Bal-15-683x1024.jpg 683w, https:\/\/parafia-chlewo.pl\/wp-content\/uploads\/2022\/10\/Bal-15-768x1152.jpg 768w, https:\/\/parafia-chlewo.pl\/wp-content\/uploads\/2022\/10\/Bal-15-1024x1536.jpg 1024w, https:\/\/parafia-chlewo.pl\/wp-content\/uploads\/2022\/10\/Bal-15-233x350.jpg 233w, https:\/\/parafia-chlewo.pl\/wp-content\/uploads\/2022\/10\/Bal-15.jpg 1080w\" sizes=\"auto, (max-width: 200px) 100vw, 200px\" \/><\/a>\n\t\t\t<\/div><\/figure><figure class='gallery-item'>\n\t\t\t<div class='gallery-icon portrait'>\n\t\t\t\t<a href='https:\/\/parafia-chlewo.pl\/wp-content\/uploads\/2022\/10\/Bal16.jpg'><img loading=\"lazy\" decoding=\"async\" width=\"200\" height=\"300\" src=\"https:\/\/parafia-chlewo.pl\/wp-content\/uploads\/2022\/10\/Bal16-200x300.jpg\" class=\"attachment-medium size-medium\" alt=\"\" srcset=\"https:\/\/parafia-chlewo.pl\/wp-content\/uploads\/2022\/10\/Bal16-200x300.jpg 200w, https:\/\/parafia-chlewo.pl\/wp-content\/uploads\/2022\/10\/Bal16-683x1024.jpg 683w, https:\/\/parafia-chlewo.pl\/wp-content\/uploads\/2022\/10\/Bal16-768x1152.jpg 768w, https:\/\/parafia-chlewo.pl\/wp-content\/uploads\/2022\/10\/Bal16-1024x1536.jpg 1024w, https:\/\/parafia-chlewo.pl\/wp-content\/uploads\/2022\/10\/Bal16-233x350.jpg 233w, https:\/\/parafia-chlewo.pl\/wp-content\/uploads\/2022\/10\/Bal16.jpg 1080w\" sizes=\"auto, (max-width: 200px) 100vw, 200px\" \/><\/a>\n\t\t\t<\/div><\/figure><figure class='gallery-item'>\n\t\t\t<div class='gallery-icon portrait'>\n\t\t\t\t<a href='https:\/\/parafia-chlewo.pl\/wp-content\/uploads\/2022\/10\/Bal17.jpg'><img loading=\"lazy\" decoding=\"async\" width=\"200\" height=\"300\" src=\"https:\/\/parafia-chlewo.pl\/wp-content\/uploads\/2022\/10\/Bal17-200x300.jpg\" class=\"attachment-medium size-medium\" alt=\"\" srcset=\"https:\/\/parafia-chlewo.pl\/wp-content\/uploads\/2022\/10\/Bal17-200x300.jpg 200w, https:\/\/parafia-chlewo.pl\/wp-content\/uploads\/2022\/10\/Bal17-683x1024.jpg 683w, https:\/\/parafia-chlewo.pl\/wp-content\/uploads\/2022\/10\/Bal17-768x1152.jpg 768w, https:\/\/parafia-chlewo.pl\/wp-content\/uploads\/2022\/10\/Bal17-1024x1536.jpg 1024w, https:\/\/parafia-chlewo.pl\/wp-content\/uploads\/2022\/10\/Bal17-233x350.jpg 233w, https:\/\/parafia-chlewo.pl\/wp-content\/uploads\/2022\/10\/Bal17.jpg 1080w\" sizes=\"auto, (max-width: 200px) 100vw, 200px\" \/><\/a>\n\t\t\t<\/div><\/figure><figure class='gallery-item'>\n\t\t\t<div class='gallery-icon portrait'>\n\t\t\t\t<a href='https:\/\/parafia-chlewo.pl\/wp-content\/uploads\/2022\/10\/Bal18.jpg'><img loading=\"lazy\" decoding=\"async\" width=\"200\" height=\"300\" src=\"https:\/\/parafia-chlewo.pl\/wp-content\/uploads\/2022\/10\/Bal18-200x300.jpg\" class=\"attachment-medium size-medium\" alt=\"\" srcset=\"https:\/\/parafia-chlewo.pl\/wp-content\/uploads\/2022\/10\/Bal18-200x300.jpg 200w, https:\/\/parafia-chlewo.pl\/wp-content\/uploads\/2022\/10\/Bal18-683x1024.jpg 683w, https:\/\/parafia-chlewo.pl\/wp-content\/uploads\/2022\/10\/Bal18-768x1152.jpg 768w, https:\/\/parafia-chlewo.pl\/wp-content\/uploads\/2022\/10\/Bal18-1024x1536.jpg 1024w, https:\/\/parafia-chlewo.pl\/wp-content\/uploads\/2022\/10\/Bal18-233x350.jpg 233w, https:\/\/parafia-chlewo.pl\/wp-content\/uploads\/2022\/10\/Bal18.jpg 1080w\" sizes=\"auto, (max-width: 200px) 100vw, 200px\" \/><\/a>\n\t\t\t<\/div><\/figure><figure class='gallery-item'>\n\t\t\t<div class='gallery-icon landscape'>\n\t\t\t\t<a href='https:\/\/parafia-chlewo.pl\/wp-content\/uploads\/2022\/10\/IMG_2191.jpg'><img loading=\"lazy\" decoding=\"async\" width=\"300\" height=\"200\" src=\"https:\/\/parafia-chlewo.pl\/wp-content\/uploads\/2022\/10\/IMG_2191-300x200.jpg\" class=\"attachment-medium size-medium\" alt=\"\" srcset=\"https:\/\/parafia-chlewo.pl\/wp-content\/uploads\/2022\/10\/IMG_2191-300x200.jpg 300w, https:\/\/parafia-chlewo.pl\/wp-content\/uploads\/2022\/10\/IMG_2191-1024x683.jpg 1024w, https:\/\/parafia-chlewo.pl\/wp-content\/uploads\/2022\/10\/IMG_2191-768x512.jpg 768w, https:\/\/parafia-chlewo.pl\/wp-content\/uploads\/2022\/10\/IMG_2191-1536x1024.jpg 1536w, https:\/\/parafia-chlewo.pl\/wp-content\/uploads\/2022\/10\/IMG_2191-525x350.jpg 525w, https:\/\/parafia-chlewo.pl\/wp-content\/uploads\/2022\/10\/IMG_2191.jpg 1620w\" sizes=\"auto, (max-width: 300px) 100vw, 300px\" \/><\/a>\n\t\t\t<\/div><\/figure><figure class='gallery-item'>\n\t\t\t<div class='gallery-icon landscape'>\n\t\t\t\t<a href='https:\/\/parafia-chlewo.pl\/wp-content\/uploads\/2022\/10\/IMG_2192.jpg'><img loading=\"lazy\" decoding=\"async\" width=\"300\" height=\"200\" src=\"https:\/\/parafia-chlewo.pl\/wp-content\/uploads\/2022\/10\/IMG_2192-300x200.jpg\" class=\"attachment-medium size-medium\" alt=\"\" srcset=\"https:\/\/parafia-chlewo.pl\/wp-content\/uploads\/2022\/10\/IMG_2192-300x200.jpg 300w, https:\/\/parafia-chlewo.pl\/wp-content\/uploads\/2022\/10\/IMG_2192-1024x683.jpg 1024w, https:\/\/parafia-chlewo.pl\/wp-content\/uploads\/2022\/10\/IMG_2192-768x512.jpg 768w, https:\/\/parafia-chlewo.pl\/wp-content\/uploads\/2022\/10\/IMG_2192-1536x1024.jpg 1536w, https:\/\/parafia-chlewo.pl\/wp-content\/uploads\/2022\/10\/IMG_2192-525x350.jpg 525w, https:\/\/parafia-chlewo.pl\/wp-content\/uploads\/2022\/10\/IMG_2192.jpg 1620w\" sizes=\"auto, (max-width: 300px) 100vw, 300px\" \/><\/a>\n\t\t\t<\/div><\/figure><figure class='gallery-item'>\n\t\t\t<div class='gallery-icon landscape'>\n\t\t\t\t<a href='https:\/\/parafia-chlewo.pl\/wp-content\/uploads\/2022\/10\/IMG_2193.jpg'><img loading=\"lazy\" decoding=\"async\" width=\"300\" height=\"200\" src=\"https:\/\/parafia-chlewo.pl\/wp-content\/uploads\/2022\/10\/IMG_2193-300x200.jpg\" class=\"attachment-medium size-medium\" alt=\"\" srcset=\"https:\/\/parafia-chlewo.pl\/wp-content\/uploads\/2022\/10\/IMG_2193-300x200.jpg 300w, https:\/\/parafia-chlewo.pl\/wp-content\/uploads\/2022\/10\/IMG_2193-1024x683.jpg 1024w, https:\/\/parafia-chlewo.pl\/wp-content\/uploads\/2022\/10\/IMG_2193-768x512.jpg 768w, https:\/\/parafia-chlewo.pl\/wp-content\/uploads\/2022\/10\/IMG_2193-1536x1024.jpg 1536w, https:\/\/parafia-chlewo.pl\/wp-content\/uploads\/2022\/10\/IMG_2193-525x350.jpg 525w, https:\/\/parafia-chlewo.pl\/wp-content\/uploads\/2022\/10\/IMG_2193.jpg 1620w\" sizes=\"auto, (max-width: 300px) 100vw, 300px\" \/><\/a>\n\t\t\t<\/div><\/figure>\n\t\t<\/div>\n\n<p>&nbsp;<\/p>\n","protected":false},"excerpt":{"rendered":"<p>&nbsp;<\/p>\n","protected":false},"author":1,"featured_media":0,"parent":2241,"menu_order":0,"comment_status":"closed","ping_status":"closed","template":"","meta":{"footnotes":""},"class_list":["post-3043","page","type-page","status-publish","hentry"],"_links":{"self":[{"href":"https:\/\/parafia-chlewo.pl\/index.php?rest_route=\/wp\/v2\/pages\/3043","targetHints":{"allow":["GET"]}}],"collection":[{"href":"https:\/\/parafia-chlewo.pl\/index.php?rest_route=\/wp\/v2\/pages"}],"about":[{"href":"https:\/\/parafia-chlewo.pl\/index.php?rest_route=\/wp\/v2\/types\/page"}],"author":[{"embeddable":true,"href":"https:\/\/parafia-chlewo.pl\/index.php?rest_route=\/wp\/v2\/users\/1"}],"replies":[{"embeddable":true,"href":"https:\/\/parafia-chlewo.pl\/index.php?rest_route=%2Fwp%2Fv2%2Fcomments&post=3043"}],"version-history":[{"count":5,"href":"https:\/\/parafia-chlewo.pl\/index.php?rest_route=\/wp\/v2\/pages\/3043\/revisions"}],"predecessor-version":[{"id":3106,"href":"https:\/\/parafia-chlewo.pl\/index.php?rest_route=\/wp\/v2\/pages\/3043\/revisions\/3106"}],"up":[{"embeddable":true,"href":"https:\/\/parafia-chlewo.pl\/index.php?rest_route=\/wp\/v2\/pages\/2241"}],"wp:attachment":[{"href":"https:\/\/parafia-chlewo.pl\/index.php?rest_route=%2Fwp%2Fv2%2Fmedia&parent=3043"}],"curies":[{"name":"wp","href":"https:\/\/api.w.org\/{rel}","templated":true}]}}