{"id":2885,"date":"2022-09-04T22:16:14","date_gmt":"2022-09-04T20:16:14","guid":{"rendered":"https:\/\/parafia-chlewo.pl\/?page_id=2885"},"modified":"2022-09-04T22:29:32","modified_gmt":"2022-09-04T20:29:32","slug":"inscenizacja-drogi-krzyzowej-przygotowana-przez-uczniow-szkoly-podstawowej-w-chlewie","status":"publish","type":"page","link":"https:\/\/parafia-chlewo.pl\/?page_id=2885","title":{"rendered":"Inscenizacja Drogi krzy\u017cowej przygotowana przez uczni\u00f3w Szko\u0142y podstawowej w Chlewie"},"content":{"rendered":"<style type=\"text\/css\" scoped>.rbs_gallery_69e5f641b8aedSpinner{\r\n\t\t\t\tmargin: 50px auto;\r\n\t\t\t\twidth: 50px;\r\n\t\t\t\theight: 40px;\r\n\t\t\t\ttext-align: center;\r\n\t\t\t\tfont-size: 10px;\r\n\t\t\t}\r\n\t\t\t.rbs_gallery_69e5f641b8aedSpinner > div{\r\n\t\t\t  background-color: #333;\r\n\t\t\t  height: 100%;\r\n\t\t\t  width: 6px;\r\n\t\t\t  display: inline-block;\r\n\t\t\t  -webkit-animation: rbs_gallery_69e5f641b8aed-stretchdelay 1.2s infinite ease-in-out;\r\n\t\t\t  animation: rbs_gallery_69e5f641b8aed-stretchdelay 1.2s infinite ease-in-out;\r\n\t\t\t}\r\n\t\t\t.rbs_gallery_69e5f641b8aedSpinner .rbs_gallery_69e5f641b8aedRect2 {\r\n\t\t\t  -webkit-animation-delay: -1.1s;\r\n\t\t\t  animation-delay: -1.1s;\r\n\t\t\t}\r\n\t\t\t.rbs_gallery_69e5f641b8aedSpinner .rbs_gallery_69e5f641b8aedRect3 {\r\n\t\t\t  -webkit-animation-delay: -1.0s;\r\n\t\t\t  animation-delay: -1.0s;\r\n\t\t\t}\r\n\t\t\t.rbs_gallery_69e5f641b8aedSpinner .rbs_gallery_69e5f641b8aedRect4 {\r\n\t\t\t  -webkit-animation-delay: -0.9s;\r\n\t\t\t  animation-delay: -0.9s;\r\n\t\t\t}\r\n\t\t\t.rbs_gallery_69e5f641b8aedSpinner .rbs_gallery_69e5f641b8aedRect5 {\r\n\t\t\t  -webkit-animation-delay: -0.8s;\r\n\t\t\t  animation-delay: -0.8s;\r\n\t\t\t}\r\n\t\t\t@-webkit-keyframes rbs_gallery_69e5f641b8aed-stretchdelay {\r\n\t\t\t  0%, 40%, 100% { -webkit-transform: scaleY(0.4) }  \r\n\t\t\t  20% { -webkit-transform: scaleY(1.0) }\r\n\t\t\t}\r\n\t\t\t@keyframes rbs_gallery_69e5f641b8aed-stretchdelay {\r\n\t\t\t  0%, 40%, 100% { \r\n\t\t\t    transform: scaleY(0.4);\r\n\t\t\t    -webkit-transform: scaleY(0.4);\r\n\t\t\t  }  20% { \r\n\t\t\t    transform: scaleY(1.0);\r\n\t\t\t    -webkit-transform: scaleY(1.0);\r\n\t\t\t  }\r\n\t\t\t}\r\n\t\t<\/style><div class=\"robo-gallery-wrap robo-gallery-wrap-id2451 robo-gallery-grid\" ><div id=\"rbs_gallery_69e5f641b8aed-block-loader\" class=\"rbs_gallery_69e5f641b8aedSpinner\"><div class=\"rbs_gallery_69e5f641b8aedRect1\"><\/div> <div class=\"rbs_gallery_69e5f641b8aedRect2\"><\/div> <div class=\"rbs_gallery_69e5f641b8aedRect3\"><\/div> <div class=\"rbs_gallery_69e5f641b8aedRect4\"><\/div> <div class=\"rbs_gallery_69e5f641b8aedRect5\"><\/div><\/div><div id=\"robo_gallery_main_block_rbs_gallery_69e5f641b8aed\" class=\"robogallery-gallery-2451\" style=\"width:100%;  display: none;\"><div id=\"rbs_gallery_69e5f641b8aed\" data-options=\"rbs_gallery_69e5f641b8aed\" style=\"width:100%;\" class=\"robo_gallery  \"><div class=\"rbs-img  category2451 \" ><div class=\"rbs-img-image   rbs-lightbox \" ><div class=\"rbs-img-thumbs\"  data-thumbnail=\"https:\/\/parafia-chlewo.pl\/wp-content\/uploads\/2022\/09\/IMG_1513-1024x683.jpg\"  title=\"IMG_1513\"  data-width=\"539\"  data-height=\"360\" ><\/div><div class=\"rbs-img-data-popup\"  data-popup=\"https:\/\/parafia-chlewo.pl\/wp-content\/uploads\/2022\/09\/IMG_1513.jpg\"  title=\"IMG_1513\" ><\/div><div class=\"thumbnail-overlay\"><div class=\"rbsTitle \">IMG_1513<\/div><div class=\"rbsIcons\"><i class=\"fa fa-search-plus rbsZoomIcon \" ><\/i><\/div><\/div><\/div><\/div><div class=\"rbs-img  category2451 \" ><div class=\"rbs-img-image   rbs-lightbox \" ><div class=\"rbs-img-thumbs\"  data-thumbnail=\"https:\/\/parafia-chlewo.pl\/wp-content\/uploads\/2022\/09\/IMG_1514-1024x683.jpg\"  title=\"IMG_1514\"  data-width=\"539\"  data-height=\"360\" ><\/div><div class=\"rbs-img-data-popup\"  data-popup=\"https:\/\/parafia-chlewo.pl\/wp-content\/uploads\/2022\/09\/IMG_1514.jpg\"  title=\"IMG_1514\" ><\/div><div class=\"thumbnail-overlay\"><div class=\"rbsTitle \">IMG_1514<\/div><div class=\"rbsIcons\"><i class=\"fa fa-search-plus rbsZoomIcon \" ><\/i><\/div><\/div><\/div><\/div><div class=\"rbs-img  category2451 \" ><div class=\"rbs-img-image   rbs-lightbox \" ><div class=\"rbs-img-thumbs\"  data-thumbnail=\"https:\/\/parafia-chlewo.pl\/wp-content\/uploads\/2022\/09\/IMG_1515-1024x683.jpg\"  title=\"IMG_1515\"  data-width=\"539\"  data-height=\"360\" ><\/div><div class=\"rbs-img-data-popup\"  data-popup=\"https:\/\/parafia-chlewo.pl\/wp-content\/uploads\/2022\/09\/IMG_1515.jpg\"  title=\"IMG_1515\" ><\/div><div class=\"thumbnail-overlay\"><div class=\"rbsTitle \">IMG_1515<\/div><div class=\"rbsIcons\"><i class=\"fa fa-search-plus rbsZoomIcon \" ><\/i><\/div><\/div><\/div><\/div><div class=\"rbs-img  category2451 \" ><div class=\"rbs-img-image   rbs-lightbox \" ><div class=\"rbs-img-thumbs\"  data-thumbnail=\"https:\/\/parafia-chlewo.pl\/wp-content\/uploads\/2022\/09\/IMG_1516-1024x683.jpg\"  title=\"IMG_1516\"  data-width=\"539\"  data-height=\"360\" ><\/div><div class=\"rbs-img-data-popup\"  data-popup=\"https:\/\/parafia-chlewo.pl\/wp-content\/uploads\/2022\/09\/IMG_1516.jpg\"  title=\"IMG_1516\" ><\/div><div class=\"thumbnail-overlay\"><div class=\"rbsTitle \">IMG_1516<\/div><div class=\"rbsIcons\"><i class=\"fa fa-search-plus rbsZoomIcon \" ><\/i><\/div><\/div><\/div><\/div><div class=\"rbs-img  category2451 \" ><div class=\"rbs-img-image   rbs-lightbox \" ><div class=\"rbs-img-thumbs\"  data-thumbnail=\"https:\/\/parafia-chlewo.pl\/wp-content\/uploads\/2022\/09\/IMG_1517-1024x683.jpg\"  title=\"IMG_1517\"  data-width=\"539\"  data-height=\"360\" ><\/div><div class=\"rbs-img-data-popup\"  data-popup=\"https:\/\/parafia-chlewo.pl\/wp-content\/uploads\/2022\/09\/IMG_1517.jpg\"  title=\"IMG_1517\" ><\/div><div class=\"thumbnail-overlay\"><div class=\"rbsTitle \">IMG_1517<\/div><div class=\"rbsIcons\"><i class=\"fa fa-search-plus rbsZoomIcon \" ><\/i><\/div><\/div><\/div><\/div><div class=\"rbs-img  category2451 \" ><div class=\"rbs-img-image   rbs-lightbox \" ><div class=\"rbs-img-thumbs\"  data-thumbnail=\"https:\/\/parafia-chlewo.pl\/wp-content\/uploads\/2022\/09\/IMG_1518-1024x683.jpg\"  title=\"IMG_1518\"  data-width=\"539\"  data-height=\"360\" ><\/div><div class=\"rbs-img-data-popup\"  data-popup=\"https:\/\/parafia-chlewo.pl\/wp-content\/uploads\/2022\/09\/IMG_1518.jpg\"  title=\"IMG_1518\" ><\/div><div class=\"thumbnail-overlay\"><div class=\"rbsTitle \">IMG_1518<\/div><div class=\"rbsIcons\"><i class=\"fa fa-search-plus rbsZoomIcon \" ><\/i><\/div><\/div><\/div><\/div><div class=\"rbs-img  category2451 \" ><div class=\"rbs-img-image   rbs-lightbox \" ><div class=\"rbs-img-thumbs\"  data-thumbnail=\"https:\/\/parafia-chlewo.pl\/wp-content\/uploads\/2022\/09\/IMG_1519-1024x810.jpg\"  title=\"IMG_1519\"  data-width=\"539\"  data-height=\"426\" ><\/div><div class=\"rbs-img-data-popup\"  data-popup=\"https:\/\/parafia-chlewo.pl\/wp-content\/uploads\/2022\/09\/IMG_1519.jpg\"  title=\"IMG_1519\" ><\/div><div class=\"thumbnail-overlay\"><div class=\"rbsTitle \">IMG_1519<\/div><div class=\"rbsIcons\"><i class=\"fa fa-search-plus rbsZoomIcon \" ><\/i><\/div><\/div><\/div><\/div><div class=\"rbs-img  category2451 \" ><div class=\"rbs-img-image   rbs-lightbox \" ><div class=\"rbs-img-thumbs\"  data-thumbnail=\"https:\/\/parafia-chlewo.pl\/wp-content\/uploads\/2022\/09\/IMG_1520-1024x683.jpg\"  title=\"IMG_1520\"  data-width=\"539\"  data-height=\"360\" ><\/div><div class=\"rbs-img-data-popup\"  data-popup=\"https:\/\/parafia-chlewo.pl\/wp-content\/uploads\/2022\/09\/IMG_1520.jpg\"  title=\"IMG_1520\" ><\/div><div class=\"thumbnail-overlay\"><div class=\"rbsTitle \">IMG_1520<\/div><div class=\"rbsIcons\"><i class=\"fa fa-search-plus rbsZoomIcon \" ><\/i><\/div><\/div><\/div><\/div><div class=\"rbs-img  category2451 \" ><div class=\"rbs-img-image   rbs-lightbox \" ><div class=\"rbs-img-thumbs\"  data-thumbnail=\"https:\/\/parafia-chlewo.pl\/wp-content\/uploads\/2022\/09\/IMG_1521-1024x683.jpg\"  title=\"IMG_1521\"  data-width=\"539\"  data-height=\"360\" ><\/div><div class=\"rbs-img-data-popup\"  data-popup=\"https:\/\/parafia-chlewo.pl\/wp-content\/uploads\/2022\/09\/IMG_1521.jpg\"  title=\"IMG_1521\" ><\/div><div class=\"thumbnail-overlay\"><div class=\"rbsTitle \">IMG_1521<\/div><div class=\"rbsIcons\"><i class=\"fa fa-search-plus rbsZoomIcon \" ><\/i><\/div><\/div><\/div><\/div><div class=\"rbs-img  category2451 \" ><div class=\"rbs-img-image   rbs-lightbox \" ><div class=\"rbs-img-thumbs\"  data-thumbnail=\"https:\/\/parafia-chlewo.pl\/wp-content\/uploads\/2022\/09\/IMG_1522-1024x683.jpg\"  title=\"IMG_1522\"  data-width=\"539\"  data-height=\"360\" ><\/div><div class=\"rbs-img-data-popup\"  data-popup=\"https:\/\/parafia-chlewo.pl\/wp-content\/uploads\/2022\/09\/IMG_1522.jpg\"  title=\"IMG_1522\" ><\/div><div class=\"thumbnail-overlay\"><div class=\"rbsTitle \">IMG_1522<\/div><div class=\"rbsIcons\"><i class=\"fa fa-search-plus rbsZoomIcon \" ><\/i><\/div><\/div><\/div><\/div><div class=\"rbs-img  category2451 \" ><div class=\"rbs-img-image   rbs-lightbox \" ><div class=\"rbs-img-thumbs\"  data-thumbnail=\"https:\/\/parafia-chlewo.pl\/wp-content\/uploads\/2022\/09\/IMG_1523-1024x683.jpg\"  title=\"IMG_1523\"  data-width=\"539\"  data-height=\"360\" ><\/div><div class=\"rbs-img-data-popup\"  data-popup=\"https:\/\/parafia-chlewo.pl\/wp-content\/uploads\/2022\/09\/IMG_1523.jpg\"  title=\"IMG_1523\" ><\/div><div class=\"thumbnail-overlay\"><div class=\"rbsTitle \">IMG_1523<\/div><div class=\"rbsIcons\"><i class=\"fa fa-search-plus rbsZoomIcon \" ><\/i><\/div><\/div><\/div><\/div><div class=\"rbs-img  category2451 \" ><div class=\"rbs-img-image   rbs-lightbox \" ><div class=\"rbs-img-thumbs\"  data-thumbnail=\"https:\/\/parafia-chlewo.pl\/wp-content\/uploads\/2022\/09\/IMG_1524-1024x683.jpg\"  title=\"IMG_1524\"  data-width=\"539\"  data-height=\"360\" ><\/div><div class=\"rbs-img-data-popup\"  data-popup=\"https:\/\/parafia-chlewo.pl\/wp-content\/uploads\/2022\/09\/IMG_1524.jpg\"  title=\"IMG_1524\" ><\/div><div class=\"thumbnail-overlay\"><div class=\"rbsTitle \">IMG_1524<\/div><div class=\"rbsIcons\"><i class=\"fa fa-search-plus rbsZoomIcon \" ><\/i><\/div><\/div><\/div><\/div><div class=\"rbs-img  category2451 \" ><div class=\"rbs-img-image   rbs-lightbox \" ><div class=\"rbs-img-thumbs\"  data-thumbnail=\"https:\/\/parafia-chlewo.pl\/wp-content\/uploads\/2022\/09\/IMG_1526-1024x683.jpg\"  title=\"IMG_1526\"  data-width=\"539\"  data-height=\"360\" ><\/div><div class=\"rbs-img-data-popup\"  data-popup=\"https:\/\/parafia-chlewo.pl\/wp-content\/uploads\/2022\/09\/IMG_1526.jpg\"  title=\"IMG_1526\" ><\/div><div class=\"thumbnail-overlay\"><div class=\"rbsTitle \">IMG_1526<\/div><div class=\"rbsIcons\"><i class=\"fa fa-search-plus rbsZoomIcon \" ><\/i><\/div><\/div><\/div><\/div><div class=\"rbs-img  category2451 \" ><div class=\"rbs-img-image   rbs-lightbox \" ><div class=\"rbs-img-thumbs\"  data-thumbnail=\"https:\/\/parafia-chlewo.pl\/wp-content\/uploads\/2022\/09\/IMG_1528-1024x683.jpg\"  title=\"IMG_1528\"  data-width=\"539\"  data-height=\"360\" ><\/div><div class=\"rbs-img-data-popup\"  data-popup=\"https:\/\/parafia-chlewo.pl\/wp-content\/uploads\/2022\/09\/IMG_1528.jpg\"  title=\"IMG_1528\" ><\/div><div class=\"thumbnail-overlay\"><div class=\"rbsTitle \">IMG_1528<\/div><div class=\"rbsIcons\"><i class=\"fa fa-search-plus rbsZoomIcon \" ><\/i><\/div><\/div><\/div><\/div><\/div><\/div><\/div><script>var rbs_gallery_69e5f641b8aed = {\"version\":\"5.0.3\",\"id\":2451,\"class\":\"id2451\",\"roboGalleryDelay\":1000,\"mainContainer\":\"#robo_gallery_main_block_rbs_gallery_69e5f641b8aed\",\"loadingContainer\":\"#rbs_gallery_69e5f641b8aed-block-loader\",\"loadingContainerObj\":\"rbs_gallery_69e5f641b8aed-block-loader\",\"columnWidth\":\"auto\",\"columns\":3,\"resolutions\":[{\"columnWidth\":\"auto\",\"columns\":3,\"maxWidth\":960},{\"columnWidth\":\"auto\",\"columns\":2,\"maxWidth\":650},{\"columnWidth\":\"auto\",\"columns\":1,\"maxWidth\":450}],\"lightboxOptions\":{\"gallery\":{\"enabled\":true,\"tCounter\":\"%curr% of %total%\"}},\"overlayEffect\":\"direction-aware-fade\",\"boxesToLoadStart\":12,\"boxesToLoad\":8,\"waitUntilThumbLoads\":1,\"LoadingWord\":\"Loading...\",\"loadMoreWord\":\"Load More\",\"noMoreEntriesWord\":\"No More Entries\",\"horizontalSpaceBetweenBoxes\":15,\"verticalSpaceBetweenBoxes\":15,\"lazyLoad\":1,\"wrapContainer\":\"#robo-gallery-wrap-rbs_gallery_69e5f641b8aed\"};<\/script>\n","protected":false},"excerpt":{"rendered":"","protected":false},"author":1,"featured_media":0,"parent":2241,"menu_order":0,"comment_status":"closed","ping_status":"closed","template":"","meta":{"footnotes":""},"class_list":["post-2885","page","type-page","status-publish","hentry"],"_links":{"self":[{"href":"https:\/\/parafia-chlewo.pl\/index.php?rest_route=\/wp\/v2\/pages\/2885","targetHints":{"allow":["GET"]}}],"collection":[{"href":"https:\/\/parafia-chlewo.pl\/index.php?rest_route=\/wp\/v2\/pages"}],"about":[{"href":"https:\/\/parafia-chlewo.pl\/index.php?rest_route=\/wp\/v2\/types\/page"}],"author":[{"embeddable":true,"href":"https:\/\/parafia-chlewo.pl\/index.php?rest_route=\/wp\/v2\/users\/1"}],"replies":[{"embeddable":true,"href":"https:\/\/parafia-chlewo.pl\/index.php?rest_route=%2Fwp%2Fv2%2Fcomments&post=2885"}],"version-history":[{"count":1,"href":"https:\/\/parafia-chlewo.pl\/index.php?rest_route=\/wp\/v2\/pages\/2885\/revisions"}],"predecessor-version":[{"id":2886,"href":"https:\/\/parafia-chlewo.pl\/index.php?rest_route=\/wp\/v2\/pages\/2885\/revisions\/2886"}],"up":[{"embeddable":true,"href":"https:\/\/parafia-chlewo.pl\/index.php?rest_route=\/wp\/v2\/pages\/2241"}],"wp:attachment":[{"href":"https:\/\/parafia-chlewo.pl\/index.php?rest_route=%2Fwp%2Fv2%2Fmedia&parent=2885"}],"curies":[{"name":"wp","href":"https:\/\/api.w.org\/{rel}","templated":true}]}}