{"id":2131,"date":"2021-10-17T20:28:43","date_gmt":"2021-10-17T18:28:43","guid":{"rendered":"https:\/\/parafia-chlewo.pl\/?page_id=2131"},"modified":"2021-10-17T20:28:43","modified_gmt":"2021-10-17T18:28:43","slug":"nasi-parafianie-pielgrzymuja-pieszo-na-jasna-gore","status":"publish","type":"page","link":"https:\/\/parafia-chlewo.pl\/?page_id=2131","title":{"rendered":"Nasi parafianie pielgrzymuj\u0105 pieszo na Jasn\u0105 G\u00f3r\u0119"},"content":{"rendered":"<style type=\"text\/css\" scoped>.rbs_gallery_69ff41c4a1ef9Spinner{\r\n\t\t\t\tmargin: 50px auto;\r\n\t\t\t\twidth: 50px;\r\n\t\t\t\theight: 40px;\r\n\t\t\t\ttext-align: center;\r\n\t\t\t\tfont-size: 10px;\r\n\t\t\t}\r\n\t\t\t.rbs_gallery_69ff41c4a1ef9Spinner > div{\r\n\t\t\t  background-color: #333;\r\n\t\t\t  height: 100%;\r\n\t\t\t  width: 6px;\r\n\t\t\t  display: inline-block;\r\n\t\t\t  -webkit-animation: rbs_gallery_69ff41c4a1ef9-stretchdelay 1.2s infinite ease-in-out;\r\n\t\t\t  animation: rbs_gallery_69ff41c4a1ef9-stretchdelay 1.2s infinite ease-in-out;\r\n\t\t\t}\r\n\t\t\t.rbs_gallery_69ff41c4a1ef9Spinner .rbs_gallery_69ff41c4a1ef9Rect2 {\r\n\t\t\t  -webkit-animation-delay: -1.1s;\r\n\t\t\t  animation-delay: -1.1s;\r\n\t\t\t}\r\n\t\t\t.rbs_gallery_69ff41c4a1ef9Spinner .rbs_gallery_69ff41c4a1ef9Rect3 {\r\n\t\t\t  -webkit-animation-delay: -1.0s;\r\n\t\t\t  animation-delay: -1.0s;\r\n\t\t\t}\r\n\t\t\t.rbs_gallery_69ff41c4a1ef9Spinner .rbs_gallery_69ff41c4a1ef9Rect4 {\r\n\t\t\t  -webkit-animation-delay: -0.9s;\r\n\t\t\t  animation-delay: -0.9s;\r\n\t\t\t}\r\n\t\t\t.rbs_gallery_69ff41c4a1ef9Spinner .rbs_gallery_69ff41c4a1ef9Rect5 {\r\n\t\t\t  -webkit-animation-delay: -0.8s;\r\n\t\t\t  animation-delay: -0.8s;\r\n\t\t\t}\r\n\t\t\t@-webkit-keyframes rbs_gallery_69ff41c4a1ef9-stretchdelay {\r\n\t\t\t  0%, 40%, 100% { -webkit-transform: scaleY(0.4) }  \r\n\t\t\t  20% { -webkit-transform: scaleY(1.0) }\r\n\t\t\t}\r\n\t\t\t@keyframes rbs_gallery_69ff41c4a1ef9-stretchdelay {\r\n\t\t\t  0%, 40%, 100% { \r\n\t\t\t    transform: scaleY(0.4);\r\n\t\t\t    -webkit-transform: scaleY(0.4);\r\n\t\t\t  }  20% { \r\n\t\t\t    transform: scaleY(1.0);\r\n\t\t\t    -webkit-transform: scaleY(1.0);\r\n\t\t\t  }\r\n\t\t\t}\r\n\t\t<\/style><div class=\"robo-gallery-wrap robo-gallery-wrap-id2031 robo-gallery-grid\" ><div id=\"rbs_gallery_69ff41c4a1ef9-block-loader\" class=\"rbs_gallery_69ff41c4a1ef9Spinner\"><div class=\"rbs_gallery_69ff41c4a1ef9Rect1\"><\/div> <div class=\"rbs_gallery_69ff41c4a1ef9Rect2\"><\/div> <div class=\"rbs_gallery_69ff41c4a1ef9Rect3\"><\/div> <div class=\"rbs_gallery_69ff41c4a1ef9Rect4\"><\/div> <div class=\"rbs_gallery_69ff41c4a1ef9Rect5\"><\/div><\/div><div id=\"robo_gallery_main_block_rbs_gallery_69ff41c4a1ef9\" class=\"robogallery-gallery-2031\" style=\"width:100%;  display: none;\"><div id=\"rbs_gallery_69ff41c4a1ef9\" data-options=\"rbs_gallery_69ff41c4a1ef9\" style=\"width:100%;\" class=\"robo_gallery  \"><div class=\"rbs-img  category2031 \" ><div class=\"rbs-img-image   rbs-lightbox \" ><div class=\"rbs-img-thumbs\"  data-thumbnail=\"https:\/\/parafia-chlewo.pl\/wp-content\/uploads\/2021\/10\/Pielgrzymi-1-1024x683.jpg\"  title=\"Pielgrzymi (1)\"  data-width=\"539\"  data-height=\"360\" ><\/div><div class=\"rbs-img-data-popup\"  data-popup=\"https:\/\/parafia-chlewo.pl\/wp-content\/uploads\/2021\/10\/Pielgrzymi-1.jpg\"  title=\"Pielgrzymi (1)\" ><\/div><div class=\"thumbnail-overlay\"><div class=\"rbsTitle \">Pielgrzymi (1)<\/div><div class=\"rbsIcons\"><i class=\"fa fa-search-plus rbsZoomIcon \" ><\/i><\/div><\/div><\/div><\/div><div class=\"rbs-img  category2031 \" ><div class=\"rbs-img-image   rbs-lightbox \" ><div class=\"rbs-img-thumbs\"  data-thumbnail=\"https:\/\/parafia-chlewo.pl\/wp-content\/uploads\/2021\/10\/Pielgrzymi-2-1024x683.jpg\"  title=\"Pielgrzymi (2)\"  data-width=\"539\"  data-height=\"360\" ><\/div><div class=\"rbs-img-data-popup\"  data-popup=\"https:\/\/parafia-chlewo.pl\/wp-content\/uploads\/2021\/10\/Pielgrzymi-2.jpg\"  title=\"Pielgrzymi (2)\" ><\/div><div class=\"thumbnail-overlay\"><div class=\"rbsTitle \">Pielgrzymi (2)<\/div><div class=\"rbsIcons\"><i class=\"fa fa-search-plus rbsZoomIcon \" ><\/i><\/div><\/div><\/div><\/div><div class=\"rbs-img  category2031 \" ><div class=\"rbs-img-image   rbs-lightbox \" ><div class=\"rbs-img-thumbs\"  data-thumbnail=\"https:\/\/parafia-chlewo.pl\/wp-content\/uploads\/2021\/10\/Pielgrzymi-3-1024x683.jpg\"  title=\"Pielgrzymi (3)\"  data-width=\"539\"  data-height=\"360\" ><\/div><div class=\"rbs-img-data-popup\"  data-popup=\"https:\/\/parafia-chlewo.pl\/wp-content\/uploads\/2021\/10\/Pielgrzymi-3.jpg\"  title=\"Pielgrzymi (3)\" ><\/div><div class=\"thumbnail-overlay\"><div class=\"rbsTitle \">Pielgrzymi (3)<\/div><div class=\"rbsIcons\"><i class=\"fa fa-search-plus rbsZoomIcon \" ><\/i><\/div><\/div><\/div><\/div><div class=\"rbs-img  category2031 \" ><div class=\"rbs-img-image   rbs-lightbox \" ><div class=\"rbs-img-thumbs\"  data-thumbnail=\"https:\/\/parafia-chlewo.pl\/wp-content\/uploads\/2021\/10\/Pielgrzymi-4-1024x683.jpg\"  title=\"Pielgrzymi (4)\"  data-width=\"539\"  data-height=\"360\" ><\/div><div class=\"rbs-img-data-popup\"  data-popup=\"https:\/\/parafia-chlewo.pl\/wp-content\/uploads\/2021\/10\/Pielgrzymi-4.jpg\"  title=\"Pielgrzymi (4)\" ><\/div><div class=\"thumbnail-overlay\"><div class=\"rbsTitle \">Pielgrzymi (4)<\/div><div class=\"rbsIcons\"><i class=\"fa fa-search-plus rbsZoomIcon \" ><\/i><\/div><\/div><\/div><\/div><div class=\"rbs-img  category2031 \" ><div class=\"rbs-img-image   rbs-lightbox \" ><div class=\"rbs-img-thumbs\"  data-thumbnail=\"https:\/\/parafia-chlewo.pl\/wp-content\/uploads\/2021\/10\/Pielgrzymi-5-1024x683.jpg\"  title=\"Pielgrzymi (5)\"  data-width=\"539\"  data-height=\"360\" ><\/div><div class=\"rbs-img-data-popup\"  data-popup=\"https:\/\/parafia-chlewo.pl\/wp-content\/uploads\/2021\/10\/Pielgrzymi-5.jpg\"  title=\"Pielgrzymi (5)\" ><\/div><div class=\"thumbnail-overlay\"><div class=\"rbsTitle \">Pielgrzymi (5)<\/div><div class=\"rbsIcons\"><i class=\"fa fa-search-plus rbsZoomIcon \" ><\/i><\/div><\/div><\/div><\/div><div class=\"rbs-img  category2031 \" ><div class=\"rbs-img-image   rbs-lightbox \" ><div class=\"rbs-img-thumbs\"  data-thumbnail=\"https:\/\/parafia-chlewo.pl\/wp-content\/uploads\/2021\/10\/Pielgrzymi-6-1024x625.jpg\"  title=\"Pielgrzymi (6)\"  data-width=\"539\"  data-height=\"329\" ><\/div><div class=\"rbs-img-data-popup\"  data-popup=\"https:\/\/parafia-chlewo.pl\/wp-content\/uploads\/2021\/10\/Pielgrzymi-6.jpg\"  title=\"Pielgrzymi (6)\" ><\/div><div class=\"thumbnail-overlay\"><div class=\"rbsTitle \">Pielgrzymi (6)<\/div><div class=\"rbsIcons\"><i class=\"fa fa-search-plus rbsZoomIcon \" ><\/i><\/div><\/div><\/div><\/div><div class=\"rbs-img  category2031 \" ><div class=\"rbs-img-image   rbs-lightbox \" ><div class=\"rbs-img-thumbs\"  data-thumbnail=\"https:\/\/parafia-chlewo.pl\/wp-content\/uploads\/2021\/10\/Pielgrzymi-7-1024x683.jpg\"  title=\"Pielgrzymi (7)\"  data-width=\"539\"  data-height=\"360\" ><\/div><div class=\"rbs-img-data-popup\"  data-popup=\"https:\/\/parafia-chlewo.pl\/wp-content\/uploads\/2021\/10\/Pielgrzymi-7.jpg\"  title=\"Pielgrzymi (7)\" ><\/div><div class=\"thumbnail-overlay\"><div class=\"rbsTitle \">Pielgrzymi (7)<\/div><div class=\"rbsIcons\"><i class=\"fa fa-search-plus rbsZoomIcon \" ><\/i><\/div><\/div><\/div><\/div><div class=\"rbs-img  category2031 \" ><div class=\"rbs-img-image   rbs-lightbox \" ><div class=\"rbs-img-thumbs\"  data-thumbnail=\"https:\/\/parafia-chlewo.pl\/wp-content\/uploads\/2021\/10\/Pielgrzymi-8-1024x683.jpg\"  title=\"Pielgrzymi (8)\"  data-width=\"539\"  data-height=\"360\" ><\/div><div class=\"rbs-img-data-popup\"  data-popup=\"https:\/\/parafia-chlewo.pl\/wp-content\/uploads\/2021\/10\/Pielgrzymi-8.jpg\"  title=\"Pielgrzymi (8)\" ><\/div><div class=\"thumbnail-overlay\"><div class=\"rbsTitle \">Pielgrzymi (8)<\/div><div class=\"rbsIcons\"><i class=\"fa fa-search-plus rbsZoomIcon \" ><\/i><\/div><\/div><\/div><\/div><div class=\"rbs-img  category2031 \" ><div class=\"rbs-img-image   rbs-lightbox \" ><div class=\"rbs-img-thumbs\"  data-thumbnail=\"https:\/\/parafia-chlewo.pl\/wp-content\/uploads\/2021\/10\/Pielgrzymi-9-1024x726.jpg\"  title=\"Pielgrzymi (9)\"  data-width=\"539\"  data-height=\"382\" ><\/div><div class=\"rbs-img-data-popup\"  data-popup=\"https:\/\/parafia-chlewo.pl\/wp-content\/uploads\/2021\/10\/Pielgrzymi-9.jpg\"  title=\"Pielgrzymi (9)\" ><\/div><div class=\"thumbnail-overlay\"><div class=\"rbsTitle \">Pielgrzymi (9)<\/div><div class=\"rbsIcons\"><i class=\"fa fa-search-plus rbsZoomIcon \" ><\/i><\/div><\/div><\/div><\/div><div class=\"rbs-img  category2031 \" ><div class=\"rbs-img-image   rbs-lightbox \" ><div class=\"rbs-img-thumbs\"  data-thumbnail=\"https:\/\/parafia-chlewo.pl\/wp-content\/uploads\/2021\/10\/Pielgrzymi-10-1024x683.jpg\"  title=\"Pielgrzymi (10)\"  data-width=\"539\"  data-height=\"360\" ><\/div><div class=\"rbs-img-data-popup\"  data-popup=\"https:\/\/parafia-chlewo.pl\/wp-content\/uploads\/2021\/10\/Pielgrzymi-10.jpg\"  title=\"Pielgrzymi (10)\" ><\/div><div class=\"thumbnail-overlay\"><div class=\"rbsTitle \">Pielgrzymi (10)<\/div><div class=\"rbsIcons\"><i class=\"fa fa-search-plus rbsZoomIcon \" ><\/i><\/div><\/div><\/div><\/div><div class=\"rbs-img  category2031 \" ><div class=\"rbs-img-image   rbs-lightbox \" ><div class=\"rbs-img-thumbs\"  data-thumbnail=\"https:\/\/parafia-chlewo.pl\/wp-content\/uploads\/2021\/10\/Pielgrzymi-11-1024x683.jpg\"  title=\"Pielgrzymi (11)\"  data-width=\"539\"  data-height=\"360\" ><\/div><div class=\"rbs-img-data-popup\"  data-popup=\"https:\/\/parafia-chlewo.pl\/wp-content\/uploads\/2021\/10\/Pielgrzymi-11.jpg\"  title=\"Pielgrzymi (11)\" ><\/div><div class=\"thumbnail-overlay\"><div class=\"rbsTitle \">Pielgrzymi (11)<\/div><div class=\"rbsIcons\"><i class=\"fa fa-search-plus rbsZoomIcon \" ><\/i><\/div><\/div><\/div><\/div><div class=\"rbs-img  category2031 \" ><div class=\"rbs-img-image   rbs-lightbox \" ><div class=\"rbs-img-thumbs\"  data-thumbnail=\"https:\/\/parafia-chlewo.pl\/wp-content\/uploads\/2021\/10\/Pielgrzymi-12-1024x683.jpg\"  title=\"Pielgrzymi (12)\"  data-width=\"539\"  data-height=\"360\" ><\/div><div class=\"rbs-img-data-popup\"  data-popup=\"https:\/\/parafia-chlewo.pl\/wp-content\/uploads\/2021\/10\/Pielgrzymi-12.jpg\"  title=\"Pielgrzymi (12)\" ><\/div><div class=\"thumbnail-overlay\"><div class=\"rbsTitle \">Pielgrzymi (12)<\/div><div class=\"rbsIcons\"><i class=\"fa fa-search-plus rbsZoomIcon \" ><\/i><\/div><\/div><\/div><\/div><div class=\"rbs-img  category2031 \" ><div class=\"rbs-img-image   rbs-lightbox \" ><div class=\"rbs-img-thumbs\"  data-thumbnail=\"https:\/\/parafia-chlewo.pl\/wp-content\/uploads\/2021\/10\/Pielgrzymi-13-1024x683.jpg\"  title=\"Pielgrzymi (13)\"  data-width=\"539\"  data-height=\"360\" ><\/div><div class=\"rbs-img-data-popup\"  data-popup=\"https:\/\/parafia-chlewo.pl\/wp-content\/uploads\/2021\/10\/Pielgrzymi-13.jpg\"  title=\"Pielgrzymi (13)\" ><\/div><div class=\"thumbnail-overlay\"><div class=\"rbsTitle \">Pielgrzymi (13)<\/div><div class=\"rbsIcons\"><i class=\"fa fa-search-plus rbsZoomIcon \" ><\/i><\/div><\/div><\/div><\/div><div class=\"rbs-img  category2031 \" ><div class=\"rbs-img-image   rbs-lightbox \" ><div class=\"rbs-img-thumbs\"  data-thumbnail=\"https:\/\/parafia-chlewo.pl\/wp-content\/uploads\/2021\/10\/Pielgrzymi-14-1024x683.jpg\"  title=\"Pielgrzymi (14)\"  data-width=\"539\"  data-height=\"360\" ><\/div><div class=\"rbs-img-data-popup\"  data-popup=\"https:\/\/parafia-chlewo.pl\/wp-content\/uploads\/2021\/10\/Pielgrzymi-14.jpg\"  title=\"Pielgrzymi (14)\" ><\/div><div class=\"thumbnail-overlay\"><div class=\"rbsTitle \">Pielgrzymi (14)<\/div><div class=\"rbsIcons\"><i class=\"fa fa-search-plus rbsZoomIcon \" ><\/i><\/div><\/div><\/div><\/div><div class=\"rbs-img  category2031 \" ><div class=\"rbs-img-image   rbs-lightbox \" ><div class=\"rbs-img-thumbs\"  data-thumbnail=\"https:\/\/parafia-chlewo.pl\/wp-content\/uploads\/2021\/10\/Pielgrzymi-15-1024x683.jpg\"  title=\"Pielgrzymi (15)\"  data-width=\"539\"  data-height=\"360\" ><\/div><div class=\"rbs-img-data-popup\"  data-popup=\"https:\/\/parafia-chlewo.pl\/wp-content\/uploads\/2021\/10\/Pielgrzymi-15.jpg\"  title=\"Pielgrzymi (15)\" ><\/div><div class=\"thumbnail-overlay\"><div class=\"rbsTitle \">Pielgrzymi (15)<\/div><div class=\"rbsIcons\"><i class=\"fa fa-search-plus rbsZoomIcon \" ><\/i><\/div><\/div><\/div><\/div><div class=\"rbs-img  category2031 \" ><div class=\"rbs-img-image   rbs-lightbox \" ><div class=\"rbs-img-thumbs\"  data-thumbnail=\"https:\/\/parafia-chlewo.pl\/wp-content\/uploads\/2021\/10\/Pielgrzymi-16-1024x756.jpg\"  title=\"Pielgrzymi (16)\"  data-width=\"539\"  data-height=\"398\" ><\/div><div class=\"rbs-img-data-popup\"  data-popup=\"https:\/\/parafia-chlewo.pl\/wp-content\/uploads\/2021\/10\/Pielgrzymi-16.jpg\"  title=\"Pielgrzymi (16)\" ><\/div><div class=\"thumbnail-overlay\"><div class=\"rbsTitle \">Pielgrzymi (16)<\/div><div class=\"rbsIcons\"><i class=\"fa fa-search-plus rbsZoomIcon \" ><\/i><\/div><\/div><\/div><\/div><div class=\"rbs-img  category2031 \" ><div class=\"rbs-img-image   rbs-lightbox \" ><div class=\"rbs-img-thumbs\"  data-thumbnail=\"https:\/\/parafia-chlewo.pl\/wp-content\/uploads\/2021\/10\/Pielgrzymi-17-1024x683.jpg\"  title=\"Pielgrzymi (17)\"  data-width=\"539\"  data-height=\"360\" ><\/div><div class=\"rbs-img-data-popup\"  data-popup=\"https:\/\/parafia-chlewo.pl\/wp-content\/uploads\/2021\/10\/Pielgrzymi-17.jpg\"  title=\"Pielgrzymi (17)\" ><\/div><div class=\"thumbnail-overlay\"><div class=\"rbsTitle \">Pielgrzymi (17)<\/div><div class=\"rbsIcons\"><i class=\"fa fa-search-plus rbsZoomIcon \" ><\/i><\/div><\/div><\/div><\/div><div class=\"rbs-img  category2031 \" ><div class=\"rbs-img-image   rbs-lightbox \" ><div class=\"rbs-img-thumbs\"  data-thumbnail=\"https:\/\/parafia-chlewo.pl\/wp-content\/uploads\/2021\/10\/Pielgrzymi-18-1024x683.jpg\"  title=\"Pielgrzymi (18)\"  data-width=\"539\"  data-height=\"360\" ><\/div><div class=\"rbs-img-data-popup\"  data-popup=\"https:\/\/parafia-chlewo.pl\/wp-content\/uploads\/2021\/10\/Pielgrzymi-18.jpg\"  title=\"Pielgrzymi (18)\" ><\/div><div class=\"thumbnail-overlay\"><div class=\"rbsTitle \">Pielgrzymi (18)<\/div><div class=\"rbsIcons\"><i class=\"fa fa-search-plus rbsZoomIcon \" ><\/i><\/div><\/div><\/div><\/div><div class=\"rbs-img  category2031 \" ><div class=\"rbs-img-image   rbs-lightbox \" ><div class=\"rbs-img-thumbs\"  data-thumbnail=\"https:\/\/parafia-chlewo.pl\/wp-content\/uploads\/2021\/10\/Pielgrzymi-19-1024x683.jpg\"  title=\"Pielgrzymi (19)\"  data-width=\"539\"  data-height=\"360\" ><\/div><div class=\"rbs-img-data-popup\"  data-popup=\"https:\/\/parafia-chlewo.pl\/wp-content\/uploads\/2021\/10\/Pielgrzymi-19.jpg\"  title=\"Pielgrzymi (19)\" ><\/div><div class=\"thumbnail-overlay\"><div class=\"rbsTitle \">Pielgrzymi (19)<\/div><div class=\"rbsIcons\"><i class=\"fa fa-search-plus rbsZoomIcon \" ><\/i><\/div><\/div><\/div><\/div><div class=\"rbs-img  category2031 \" ><div class=\"rbs-img-image   rbs-lightbox \" ><div class=\"rbs-img-thumbs\"  data-thumbnail=\"https:\/\/parafia-chlewo.pl\/wp-content\/uploads\/2021\/10\/Pielgrzymi-20-1024x683.jpg\"  title=\"Pielgrzymi (20)\"  data-width=\"539\"  data-height=\"360\" ><\/div><div class=\"rbs-img-data-popup\"  data-popup=\"https:\/\/parafia-chlewo.pl\/wp-content\/uploads\/2021\/10\/Pielgrzymi-20.jpg\"  title=\"Pielgrzymi (20)\" ><\/div><div class=\"thumbnail-overlay\"><div class=\"rbsTitle \">Pielgrzymi (20)<\/div><div class=\"rbsIcons\"><i class=\"fa fa-search-plus rbsZoomIcon \" ><\/i><\/div><\/div><\/div><\/div><div class=\"rbs-img  category2031 \" ><div class=\"rbs-img-image   rbs-lightbox \" ><div class=\"rbs-img-thumbs\"  data-thumbnail=\"https:\/\/parafia-chlewo.pl\/wp-content\/uploads\/2021\/10\/Pielgrzymi-21-1024x683.jpg\"  title=\"Pielgrzymi (21)\"  data-width=\"539\"  data-height=\"360\" ><\/div><div class=\"rbs-img-data-popup\"  data-popup=\"https:\/\/parafia-chlewo.pl\/wp-content\/uploads\/2021\/10\/Pielgrzymi-21.jpg\"  title=\"Pielgrzymi (21)\" ><\/div><div class=\"thumbnail-overlay\"><div class=\"rbsTitle \">Pielgrzymi (21)<\/div><div class=\"rbsIcons\"><i class=\"fa fa-search-plus rbsZoomIcon \" ><\/i><\/div><\/div><\/div><\/div><div class=\"rbs-img  category2031 \" ><div class=\"rbs-img-image   rbs-lightbox \" ><div class=\"rbs-img-thumbs\"  data-thumbnail=\"https:\/\/parafia-chlewo.pl\/wp-content\/uploads\/2021\/10\/Pielgrzymi-22-1024x683.jpg\"  title=\"Pielgrzymi (22)\"  data-width=\"539\"  data-height=\"360\" ><\/div><div class=\"rbs-img-data-popup\"  data-popup=\"https:\/\/parafia-chlewo.pl\/wp-content\/uploads\/2021\/10\/Pielgrzymi-22.jpg\"  title=\"Pielgrzymi (22)\" ><\/div><div class=\"thumbnail-overlay\"><div class=\"rbsTitle \">Pielgrzymi (22)<\/div><div class=\"rbsIcons\"><i class=\"fa fa-search-plus rbsZoomIcon \" ><\/i><\/div><\/div><\/div><\/div><div class=\"rbs-img  category2031 \" ><div class=\"rbs-img-image   rbs-lightbox \" ><div class=\"rbs-img-thumbs\"  data-thumbnail=\"https:\/\/parafia-chlewo.pl\/wp-content\/uploads\/2021\/10\/Pielgrzymi-23-1024x683.jpg\"  title=\"Pielgrzymi (23)\"  data-width=\"539\"  data-height=\"360\" ><\/div><div class=\"rbs-img-data-popup\"  data-popup=\"https:\/\/parafia-chlewo.pl\/wp-content\/uploads\/2021\/10\/Pielgrzymi-23.jpg\"  title=\"Pielgrzymi (23)\" ><\/div><div class=\"thumbnail-overlay\"><div class=\"rbsTitle \">Pielgrzymi (23)<\/div><div class=\"rbsIcons\"><i class=\"fa fa-search-plus rbsZoomIcon \" ><\/i><\/div><\/div><\/div><\/div><div class=\"rbs-img  category2031 \" ><div class=\"rbs-img-image   rbs-lightbox \" ><div class=\"rbs-img-thumbs\"  data-thumbnail=\"https:\/\/parafia-chlewo.pl\/wp-content\/uploads\/2021\/10\/Pielgrzymi-24-1024x683.jpg\"  title=\"Pielgrzymi (24)\"  data-width=\"539\"  data-height=\"360\" ><\/div><div class=\"rbs-img-data-popup\"  data-popup=\"https:\/\/parafia-chlewo.pl\/wp-content\/uploads\/2021\/10\/Pielgrzymi-24.jpg\"  title=\"Pielgrzymi (24)\" ><\/div><div class=\"thumbnail-overlay\"><div class=\"rbsTitle \">Pielgrzymi (24)<\/div><div class=\"rbsIcons\"><i class=\"fa fa-search-plus rbsZoomIcon \" ><\/i><\/div><\/div><\/div><\/div><\/div><\/div><\/div><script>var rbs_gallery_69ff41c4a1ef9 = {\"version\":\"5.0.3\",\"id\":2031,\"class\":\"id2031\",\"roboGalleryDelay\":1000,\"mainContainer\":\"#robo_gallery_main_block_rbs_gallery_69ff41c4a1ef9\",\"loadingContainer\":\"#rbs_gallery_69ff41c4a1ef9-block-loader\",\"loadingContainerObj\":\"rbs_gallery_69ff41c4a1ef9-block-loader\",\"columnWidth\":\"auto\",\"columns\":3,\"resolutions\":[{\"columnWidth\":\"auto\",\"columns\":3,\"maxWidth\":960},{\"columnWidth\":\"auto\",\"columns\":2,\"maxWidth\":650},{\"columnWidth\":\"auto\",\"columns\":1,\"maxWidth\":450}],\"lightboxOptions\":{\"gallery\":{\"enabled\":true,\"tCounter\":\"%curr% of %total%\"}},\"overlayEffect\":\"direction-aware-fade\",\"boxesToLoadStart\":12,\"boxesToLoad\":8,\"waitUntilThumbLoads\":1,\"LoadingWord\":\"Loading...\",\"loadMoreWord\":\"Load More\",\"noMoreEntriesWord\":\"No More Entries\",\"horizontalSpaceBetweenBoxes\":15,\"verticalSpaceBetweenBoxes\":15,\"lazyLoad\":1,\"wrapContainer\":\"#robo-gallery-wrap-rbs_gallery_69ff41c4a1ef9\"};<\/script>\n","protected":false},"excerpt":{"rendered":"","protected":false},"author":1,"featured_media":0,"parent":1530,"menu_order":0,"comment_status":"closed","ping_status":"closed","template":"","meta":{"footnotes":""},"class_list":["post-2131","page","type-page","status-publish","hentry"],"_links":{"self":[{"href":"https:\/\/parafia-chlewo.pl\/index.php?rest_route=\/wp\/v2\/pages\/2131","targetHints":{"allow":["GET"]}}],"collection":[{"href":"https:\/\/parafia-chlewo.pl\/index.php?rest_route=\/wp\/v2\/pages"}],"about":[{"href":"https:\/\/parafia-chlewo.pl\/index.php?rest_route=\/wp\/v2\/types\/page"}],"author":[{"embeddable":true,"href":"https:\/\/parafia-chlewo.pl\/index.php?rest_route=\/wp\/v2\/users\/1"}],"replies":[{"embeddable":true,"href":"https:\/\/parafia-chlewo.pl\/index.php?rest_route=%2Fwp%2Fv2%2Fcomments&post=2131"}],"version-history":[{"count":1,"href":"https:\/\/parafia-chlewo.pl\/index.php?rest_route=\/wp\/v2\/pages\/2131\/revisions"}],"predecessor-version":[{"id":2132,"href":"https:\/\/parafia-chlewo.pl\/index.php?rest_route=\/wp\/v2\/pages\/2131\/revisions\/2132"}],"up":[{"embeddable":true,"href":"https:\/\/parafia-chlewo.pl\/index.php?rest_route=\/wp\/v2\/pages\/1530"}],"wp:attachment":[{"href":"https:\/\/parafia-chlewo.pl\/index.php?rest_route=%2Fwp%2Fv2%2Fmedia&parent=2131"}],"curies":[{"name":"wp","href":"https:\/\/api.w.org\/{rel}","templated":true}]}}